{"id":35516,"date":"2025-11-27T17:54:19","date_gmt":"2025-11-27T16:54:19","guid":{"rendered":"https:\/\/wearevillage.org\/?post_type=product&#038;p=35516"},"modified":"2025-12-17T16:29:48","modified_gmt":"2025-12-17T15:29:48","slug":"winterferien-potluck","status":"publish","type":"product","link":"https:\/\/wearevillage.org\/shop\/potluck\/w52-2025\/","title":{"rendered":"Winterferien-Potluck"},"content":{"rendered":"<div class=\"wpb-content-wrapper\"><div class=\"vc_row wpb_row vc_row-fluid\"><div class=\"wpb_column vc_column_container vc_col-sm-12\"><div class=\"vc_column-inner\"><div class=\"wpb_wrapper\"><h4 style=\"text-align: left\" class=\"vc_custom_heading vc_do_custom_heading\" >Village Winterferien-Potluck<\/h4><h5 style=\"text-align: left\" class=\"vc_custom_heading vc_do_custom_heading\" >vom Volunteer Team organisiert<\/h5>\n\t<div class=\"wpb_text_column wpb_content_element\" >\n\t\t<div class=\"wpb_wrapper\">\n\t\t\t<div class=\"x11i5rnm xat24cr x1mh8g0r x1vvkbs xtlvy1s\">\n<p>Lasst uns die Winterferien gemeinsam gestalten!<\/p>\n<p>Im Village leuchten die Lichter \u2013 und wir k\u00f6nnen es kaum erwarten, mit euch zu feiern! Lasst uns diese Zeit mit Lachen, Begegnungen und der Freude am gemeinsamen Essen und Miteinander f\u00fcllen.<\/p>\n<p>Wir wissen, dass die Winterferien f\u00fcr viele in unserer queeren Community eine besondere Zeit sind \u2013 manchmal sieht Familie ein bisschen anders aus. Und genau das macht sie so sch\u00f6n. Im Village glauben wir an die gew\u00e4hlte Familie: die Gemeinschaft, die wir durch F\u00fcrsorge, Kreativit\u00e4t und gemeinsame Momente miteinander aufbauen.<\/p>\n<p>Darum laden wir euch herzlich zu unserem gem\u00fctlichen Winterferien-Potluck ein \u2013 ein Ort, an dem alle willkommen sind. Bringt, wenn m\u00f6glich, ein Gericht eurer Wahl mit, teilt das Essen und genie\u00dft die W\u00e4rme von Freundschaft \u2013 egal ob ihr Teilnehmende, Mitglieder, Facilitators oder Freiwillige seid.<\/p>\n<p>Ihr d\u00fcrft nat\u00fcrlich auch eure Freund*innen mitbringen! Lasst uns gemeinsam drinnen und im Garten feiern, unsere Gemeinschaft zelebrieren und diese Winterferien zu einem besonderen gemeinsamen Erlebnis machen.<\/p>\n<p>Von 18 bis 19:00 Uhr gibt es einen Bastel-Workshop. Wir gestalten Neujahrskarten f\u00fcreinander und tauschen diese dann um 19:00 Uhr aus.<\/p>\n<p>Wir wichteln um 19:30 Uhr. Wenn Du mitmachen m\u00f6chtest, bring bitte ein kleines Geschenk mit und packe es vorher in Geschenkpapier (nichts Teures!:)<\/p>\n<p>\u2728 Gemeinschaft \u2013 das ist der wahre Geist des Winters. \u2728<\/p>\n<\/div>\n\n\t\t<\/div>\n\t<\/div>\n<\/div><\/div><\/div><\/div>\n<\/div>","protected":false},"excerpt":{"rendered":"<h5>Donnerstag<br \/>\n17:00 \u2013 22:00<\/h5>\n<p>Eintritt frei<\/p>\n<p class=\"p1\"><strong>| <span style=\"color: #ec6c23;\">LGBTQIA+\u00a0<\/span>|<\/strong><\/p>\n<p>Im Village leuchten die Lichter \u2013 und wir k\u00f6nnen es kaum erwarten, mit euch zu feiern! Lasst uns diese Zeit mit Lachen, Begegnungen und der Freude am gemeinsamen Essen und Miteinander f\u00fcllen.<\/p>\n","protected":false},"author":12,"featured_media":36784,"template":"","meta":{"pmpro_default_level":"","inline_featured_image":false},"product_brand":[],"product_cat":[77,769,79],"product_tag":[469],"class_list":{"0":"post-35516","1":"product","2":"type-product","3":"status-publish","4":"has-post-thumbnail","6":"product_cat-community-events","7":"product_cat-kostenloser-zugang","8":"product_cat-monatliche-events","9":"product_tag-lgbtqiaplus","10":"pmpro-has-access","12":"first","13":"outofstock","14":"product-type-variable"},"wpml_current_locale":"de_DE","wpml_translations":{"en_US":{"locale":"en_US","id":35521,"slug":"potluck-w52-2025","post_title":"Winter Holiday Potluck","href":"https:\/\/wearevillage.org\/en\/shop\/potluck-w52-2025\/"}},"language":{"code":"de","locale":"","name":"","is_rtl":false},"_links":{"self":[{"href":"https:\/\/wearevillage.org\/wp-json\/wp\/v2\/product\/35516","targetHints":{"allow":["GET"]}}],"collection":[{"href":"https:\/\/wearevillage.org\/wp-json\/wp\/v2\/product"}],"about":[{"href":"https:\/\/wearevillage.org\/wp-json\/wp\/v2\/types\/product"}],"author":[{"embeddable":true,"href":"https:\/\/wearevillage.org\/wp-json\/wp\/v2\/users\/12"}],"wp:featuredmedia":[{"embeddable":true,"href":"https:\/\/wearevillage.org\/wp-json\/wp\/v2\/media\/36784"}],"wp:attachment":[{"href":"https:\/\/wearevillage.org\/wp-json\/wp\/v2\/media?parent=35516"}],"wp:term":[{"taxonomy":"product_brand","embeddable":true,"href":"https:\/\/wearevillage.org\/wp-json\/wp\/v2\/product_brand?post=35516"},{"taxonomy":"product_cat","embeddable":true,"href":"https:\/\/wearevillage.org\/wp-json\/wp\/v2\/product_cat?post=35516"},{"taxonomy":"product_tag","embeddable":true,"href":"https:\/\/wearevillage.org\/wp-json\/wp\/v2\/product_tag?post=35516"}],"curies":[{"name":"wp","href":"https:\/\/api.w.org\/{rel}","templated":true}]}}

<div class="wpb-content-wrapper"><div class="vc_row wpb_row vc_row-fluid"><div class="wpb_column vc_column_container vc_col-sm-12"><div class="vc_column-inner"><div class="wpb_wrapper"><h4 style="text-align: left" class="vc_custom_heading vc_do_custom_heading" >Village Winterferien-Potluck</h4><h5 style="text-align: left" class="vc_custom_heading vc_do_custom_heading" >vom Volunteer Team organisiert</h5>
	<div class="wpb_text_column wpb_content_element" >
		<div class="wpb_wrapper">
			<div class="x11i5rnm xat24cr x1mh8g0r x1vvkbs xtlvy1s">
<p>Lasst uns die Winterferien gemeinsam gestalten!</p>
<p>Im Village leuchten die Lichter – und wir können es kaum erwarten, mit euch zu feiern! Lasst uns diese Zeit mit Lachen, Begegnungen und der Freude am gemeinsamen Essen und Miteinander füllen.</p>
<p>Wir wissen, dass die Winterferien für viele in unserer queeren Community eine besondere Zeit sind – manchmal sieht Familie ein bisschen anders aus. Und genau das macht sie so schön. Im Village glauben wir an die gewählte Familie: die Gemeinschaft, die wir durch Fürsorge, Kreativität und gemeinsame Momente miteinander aufbauen.</p>
<p>Darum laden wir euch herzlich zu unserem gemütlichen Winterferien-Potluck ein – ein Ort, an dem alle willkommen sind. Bringt, wenn möglich, ein Gericht eurer Wahl mit, teilt das Essen und genießt die Wärme von Freundschaft – egal ob ihr Teilnehmende, Mitglieder, Facilitators oder Freiwillige seid.</p>
<p>Ihr dürft natürlich auch eure Freund*innen mitbringen! Lasst uns gemeinsam drinnen und im Garten feiern, unsere Gemeinschaft zelebrieren und diese Winterferien zu einem besonderen gemeinsamen Erlebnis machen.</p>
<p>Von 18 bis 19:00 Uhr gibt es einen Bastel-Workshop. Wir gestalten Neujahrskarten füreinander und tauschen diese dann um 19:00 Uhr aus.</p>
<p>Wir wichteln um 19:30 Uhr. Wenn Du mitmachen möchtest, bring bitte ein kleines Geschenk mit und packe es vorher in Geschenkpapier (nichts Teures!:)</p>
<p>✨ Gemeinschaft – das ist der wahre Geist des Winters. ✨</p>
</div>

		</div>
	</div>
</div></div></div></div>
</div>

<h5>Donnerstag<br />
17:00 – 22:00</h5>
<p>Eintritt frei</p>
<p class="p1"><strong>| <span style="color: #ec6c23;">LGBTQIA+ </span>|</strong></p>
<p>Im Village leuchten die Lichter – und wir können es kaum erwarten, mit euch zu feiern! Lasst uns diese Zeit mit Lachen, Begegnungen und der Freude am gemeinsamen Essen und Miteinander füllen.</p>
