{"id":42989,"date":"2026-04-21T10:05:25","date_gmt":"2026-04-21T08:05:25","guid":{"rendered":"https:\/\/wearevillage.org\/?post_type=product&#038;p=42989"},"modified":"2026-04-21T11:02:03","modified_gmt":"2026-04-21T09:02:03","slug":"exile-diary-die-karten-der-erinnerung-zeichnen","status":"publish","type":"product","link":"https:\/\/wearevillage.org\/shop\/queer-bridges-monday\/w22-2026\/","title":{"rendered":"Exile Diary: Die Karten der Erinnerung zeichnen"},"content":{"rendered":"<div class=\"wpb-content-wrapper\"><div class=\"vc_row wpb_row vc_row-fluid\"><div class=\"wpb_column vc_column_container vc_col-sm-12\"><div class=\"vc_column-inner\"><div class=\"wpb_wrapper\"><h4 style=\"text-align: left\" class=\"vc_custom_heading vc_do_custom_heading\" >Exile Diary: Die Karten der Erinnerung zeichnen<\/h4><h5 style=\"text-align: left\" class=\"vc_custom_heading vc_do_custom_heading\" >mit Youde Belie Monga<\/h5>\n\t<div class=\"wpb_text_column wpb_content_element\" >\n\t\t<div class=\"wpb_wrapper\">\n\t\t\t<p>Dieser Workshop l\u00e4dt die Teilnehmenden dazu ein, ein \u201eExile Diary\u201c zu beginnen; eine visuelle und reflektierende Praxis des Erinnerns, Neuerz\u00e4hlens und Einschreibens pers\u00f6nlicher Erfahrungen. Er bietet einen gesch\u00fctzten Raum, um das Zusammenspiel von Erinnerung, Identit\u00e4t und Erz\u00e4hlen zu erkunden.<\/p>\n<p>Gemeinsam nutzen wir Zeichnung und visuelle \u00dcbungen, um intime Erfahrungen zug\u00e4nglich zu machen und auszudr\u00fccken, w\u00e4hrend wir einfache und zug\u00e4ngliche Wege entwickeln, sowohl pr\u00e4gende Momente als auch die Feinheiten des Alltags festzuhalten. Die Teilnehmenden gestalten ein kleines, pers\u00f6nliches Notizbuch, das \u00fcber den Workshop hinaus weitergef\u00fchrt werden kann; als fortlaufende Praxis oder um bedeutungsvolle Momente festzuhalten.<\/p>\n\n\t\t<\/div>\n\t<\/div>\n<div class=\"vc_separator wpb_content_element vc_separator_align_center vc_sep_width_100 vc_sep_pos_align_center vc_separator_no_text vc_sep_color_grey wpb_content_element  wpb_content_element\" ><span class=\"vc_sep_holder vc_sep_holder_l\"><span class=\"vc_sep_line\"><\/span><\/span><span class=\"vc_sep_holder vc_sep_holder_r\"><span class=\"vc_sep_line\"><\/span><\/span>\n<\/div>\n\t<div class=\"wpb_text_column wpb_content_element\" >\n\t\t<div class=\"wpb_wrapper\">\n\t\t\t<p><strong><img loading=\"lazy\" decoding=\"async\" class=\"wp-image-43010 alignleft\" src=\"https:\/\/wearevillage.org\/wp-content\/uploads\/2026\/04\/wav-team-Youde-Belie-Monga.png\" alt=\"\" width=\"150\" height=\"167\" srcset=\"https:\/\/wearevillage.org\/wp-content\/uploads\/2026\/04\/wav-team-Youde-Belie-Monga.png 900w, https:\/\/wearevillage.org\/wp-content\/uploads\/2026\/04\/wav-team-Youde-Belie-Monga-270x300.png 270w, https:\/\/wearevillage.org\/wp-content\/uploads\/2026\/04\/wav-team-Youde-Belie-Monga-135x150.png 135w, https:\/\/wearevillage.org\/wp-content\/uploads\/2026\/04\/wav-team-Youde-Belie-Monga-768x853.png 768w, https:\/\/wearevillage.org\/wp-content\/uploads\/2026\/04\/wav-team-Youde-Belie-Monga-624x693.png 624w, https:\/\/wearevillage.org\/wp-content\/uploads\/2026\/04\/wav-team-Youde-Belie-Monga-390x433.png 390w, https:\/\/wearevillage.org\/wp-content\/uploads\/2026\/04\/wav-team-Youde-Belie-Monga-600x667.png 600w\" sizes=\"auto, (max-width: 150px) 100vw, 150px\" \/><\/strong><\/p>\n<p><strong>Youde<\/strong> studierte Philosophie in Paris; ihr haitianisches Erbe und ihr Aufwachsen in Frankreich pr\u00e4gen ihre visuelle Sprache. Ihre Praxis \u00fcberf\u00fchrt pers\u00f6nliche Erinnerungen in partizipative Formen und ist in Gemeinschaft und politischen \u00dcberzeugungen verankert. In Kollaborationen, unter anderem mit dem Kollektiv Off Hybrid, entwickelt sie eine Praxis, die Kunst politisch macht, intime Narrative mit kollektiven Prozessen verbindet und Ko-Autor*innenschaft, Selbstausdruck sowie Offenheit f\u00fcr die Ungewissheiten des Erz\u00e4hlens f\u00f6rdert.<\/p>\n\n\t\t<\/div>\n\t<\/div>\n<div class=\"vc_separator wpb_content_element vc_separator_align_center vc_sep_width_100 vc_sep_pos_align_center vc_separator_no_text vc_sep_color_grey wpb_content_element  wpb_content_element\" ><span class=\"vc_sep_holder vc_sep_holder_l\"><span class=\"vc_sep_line\"><\/span><\/span><span class=\"vc_sep_holder vc_sep_holder_r\"><span class=\"vc_sep_line\"><\/span><\/span>\n<\/div>\n\t<div class=\"wpb_text_column wpb_content_element\" >\n\t\t<div class=\"wpb_wrapper\">\n\t\t\t<p><strong>Queer Bridges: Verbindungen schaffen und Ressourcen f\u00fcr LGBTQIA+ Menschen mit Migrationserfahrung bereitstellen.<\/strong><\/p>\n<p>Queere Menschen mit Migrationserfahrung in Berlin sehen sich in ihrem t\u00e4glichen Leben oft mit besonderen Herausforderungen konfrontiert, die ihren Zugang zu unterst\u00fctzenden Gemeinschaften und integrativen Umgebungen einschr\u00e4nken k\u00f6nnen.<\/p>\n<p><img loading=\"lazy\" decoding=\"async\" class=\"wp-image-15170 alignleft\" src=\"https:\/\/wearevillage.org\/wp-content\/uploads\/2024\/06\/stiftung-300x121.png\" alt=\"\" width=\"216\" height=\"87\" srcset=\"https:\/\/wearevillage.org\/wp-content\/uploads\/2024\/06\/stiftung-300x121.png 300w, https:\/\/wearevillage.org\/wp-content\/uploads\/2024\/06\/stiftung-1024x414.png 1024w, https:\/\/wearevillage.org\/wp-content\/uploads\/2024\/06\/stiftung-150x61.png 150w, https:\/\/wearevillage.org\/wp-content\/uploads\/2024\/06\/stiftung-768x310.png 768w, https:\/\/wearevillage.org\/wp-content\/uploads\/2024\/06\/stiftung-1536x620.png 1536w, https:\/\/wearevillage.org\/wp-content\/uploads\/2024\/06\/stiftung-2048x827.png 2048w, https:\/\/wearevillage.org\/wp-content\/uploads\/2024\/06\/stiftung-624x252.png 624w, https:\/\/wearevillage.org\/wp-content\/uploads\/2024\/06\/stiftung-390x158.png 390w, https:\/\/wearevillage.org\/wp-content\/uploads\/2024\/06\/stiftung-600x242.png 600w\" sizes=\"auto, (max-width: 216px) 100vw, 216px\" \/>Mit Unterst\u00fctzung der<strong> Deutschen Fernsehlotterie Stiftung<\/strong>, haben wir das Programm Queer Bridges entwickelt, um diese H\u00fcrden zu \u00fcberwinden. Wir bieten Ressourcen, Vernetzung und Unterst\u00fctzung in einem einladenden Umfeld f\u00fcr queere Migrant*innen und Gefl\u00fcchtete durch unser spezielles Programm. Unser Ziel ist es, ein Gef\u00fchl der Zugeh\u00f6rigkeit zur lokalen LGBTQIA+ Community zu f\u00f6rdern und damit eine reibungslose Integration sowie eine verbesserte Lebensqualit\u00e4t f\u00fcr queere Menschen mit Migrations- und\/oder Fluchterfahrung zu erm\u00f6glichen.<\/p>\n<p><span style=\"vertical-align: inherit;\"><span style=\"vertical-align: inherit;\">\u2705 Unser <strong>Queer Bridges<\/strong> Programm wird sich stetig weiter entwickeln und wir freuen uns auch jederzeit von Euren Bedarfen zu h\u00f6ren. Bei Interesse k\u00f6nnt ihr uns eine E-Mail schicken, um \u00fcber weitere Aktualisierungen informiert zu bleiben.<\/span><\/span><\/p>\n\n\t\t<\/div>\n\t<\/div>\n<div class=\"vc_separator wpb_content_element vc_separator_align_center vc_sep_width_100 vc_sep_pos_align_center vc_separator_no_text vc_sep_color_grey wpb_content_element  wpb_content_element\" ><span class=\"vc_sep_holder vc_sep_holder_l\"><span class=\"vc_sep_line\"><\/span><\/span><span class=\"vc_sep_holder vc_sep_holder_r\"><span class=\"vc_sep_line\"><\/span><\/span>\n<\/div>\n\t<div class=\"wpb_text_column wpb_content_element\" >\n\t\t<div class=\"wpb_wrapper\">\n\t\t\t<p><span style=\"text-decoration: underline;\"><strong>Hinweise<\/strong><\/span><br \/>\n<strong>Teilnehmende<\/strong>: Dieser Workshop richtet sich an alle, die sich als LGBTQIA+ identifizieren und Migrations- und\/oder Fluchterfahrung erlebt haben. Wenn ihr diese Erfahrungen nicht teilt, aber dennoch an einer Teilnahme interessiert seid, meldet euch bitte zuerst bei uns, um zu kl\u00e4ren, ob ein Platz frei ist. Wir bitten alle Teilnehmenden, den Schwerpunkt des Programms zu respektieren und dazu beizutragen, einen offenen, respektvollen Raum zu schaffen.<br \/>\n<strong>Anmeldung<\/strong>: F\u00fcr dieses Event stehen begrenzte Pl\u00e4tze zur Verf\u00fcgung. Eine Registrierung \u00fcber unsere Website ist daher erforderlich.<br \/>\n<strong>Sprache<\/strong>: Englisch<br \/>\n<strong>Kosten<\/strong>: Die Teilnahme ist kostenlos.<\/p>\n\n\t\t<\/div>\n\t<\/div>\n<\/div><\/div><\/div><\/div>\n<\/div>","protected":false},"excerpt":{"rendered":"<h5>Montag<br \/>\n18:00-19:30<br \/>\nKostenlos mit Anmeldung<\/h5>\n<p><strong> | <span style=\"color: #ec6c23;\"> LGBTQIA+ <\/span> |\u00a0 \u00a0 Queere Migranten<\/strong><\/p>\n<p>Dieser Workshop l\u00e4dt die Teilnehmenden dazu ein, ein \u201eExile Diary\u201c zu beginnen; eine visuelle Praxis des Erinnerns und Neuerz\u00e4hlens pers\u00f6nlicher Erfahrungen. Durch Zeichnung und einfache dokumentarische Methoden erkunden die Teilnehmenden ihre Erinnerungen, gestalten ein pers\u00f6nliches Notizbuch und entwickeln eine eigene visuelle Sprache mit Worten, Symbolen und Referenzen. Zudem reflektiert der Workshop, wie individuelle Geschichten mit gr\u00f6\u00dferen historischen und politischen Zusammenh\u00e4ngen verbunden sind.<\/p>\n","protected":false},"author":12,"featured_media":43012,"template":"","meta":{"pmpro_default_level":"","inline_featured_image":false},"product_brand":[],"product_cat":[769,797,83],"product_tag":[469],"class_list":{"0":"post-42989","1":"product","2":"type-product","3":"status-publish","4":"has-post-thumbnail","6":"product_cat-kostenloser-zugang","7":"product_cat-queer-bridges-events-2","8":"product_cat-workshops","9":"product_tag-lgbtqiaplus","10":"pmpro-has-access","12":"first","13":"instock","14":"sold-individually","15":"purchasable","16":"product-type-simple"},"wpml_current_locale":"de_DE","wpml_translations":{"en_US":{"locale":"en_US","id":42990,"slug":"exile-diary-die-karten-der-erinnerung-zeichnen","post_title":"Exile Diary: Drawing the Maps of Memory","href":"https:\/\/wearevillage.org\/en\/shop\/queer-bridges-monday\/w22-2026"}},"language":{"code":"de","locale":"","name":"","is_rtl":false},"_links":{"self":[{"href":"https:\/\/wearevillage.org\/wp-json\/wp\/v2\/product\/42989","targetHints":{"allow":["GET"]}}],"collection":[{"href":"https:\/\/wearevillage.org\/wp-json\/wp\/v2\/product"}],"about":[{"href":"https:\/\/wearevillage.org\/wp-json\/wp\/v2\/types\/product"}],"author":[{"embeddable":true,"href":"https:\/\/wearevillage.org\/wp-json\/wp\/v2\/users\/12"}],"wp:featuredmedia":[{"embeddable":true,"href":"https:\/\/wearevillage.org\/wp-json\/wp\/v2\/media\/43012"}],"wp:attachment":[{"href":"https:\/\/wearevillage.org\/wp-json\/wp\/v2\/media?parent=42989"}],"wp:term":[{"taxonomy":"product_brand","embeddable":true,"href":"https:\/\/wearevillage.org\/wp-json\/wp\/v2\/product_brand?post=42989"},{"taxonomy":"product_cat","embeddable":true,"href":"https:\/\/wearevillage.org\/wp-json\/wp\/v2\/product_cat?post=42989"},{"taxonomy":"product_tag","embeddable":true,"href":"https:\/\/wearevillage.org\/wp-json\/wp\/v2\/product_tag?post=42989"}],"curies":[{"name":"wp","href":"https:\/\/api.w.org\/{rel}","templated":true}]}}

<div class="wpb-content-wrapper"><div class="vc_row wpb_row vc_row-fluid"><div class="wpb_column vc_column_container vc_col-sm-12"><div class="vc_column-inner"><div class="wpb_wrapper"><h4 style="text-align: left" class="vc_custom_heading vc_do_custom_heading" >Exile Diary: Die Karten der Erinnerung zeichnen</h4><h5 style="text-align: left" class="vc_custom_heading vc_do_custom_heading" >mit Youde Belie Monga</h5>
	<div class="wpb_text_column wpb_content_element" >
		<div class="wpb_wrapper">
			<p>Dieser Workshop lädt die Teilnehmenden dazu ein, ein „Exile Diary“ zu beginnen; eine visuelle und reflektierende Praxis des Erinnerns, Neuerzählens und Einschreibens persönlicher Erfahrungen. Er bietet einen geschützten Raum, um das Zusammenspiel von Erinnerung, Identität und Erzählen zu erkunden.</p>
<p>Gemeinsam nutzen wir Zeichnung und visuelle Übungen, um intime Erfahrungen zugänglich zu machen und auszudrücken, während wir einfache und zugängliche Wege entwickeln, sowohl prägende Momente als auch die Feinheiten des Alltags festzuhalten. Die Teilnehmenden gestalten ein kleines, persönliches Notizbuch, das über den Workshop hinaus weitergeführt werden kann; als fortlaufende Praxis oder um bedeutungsvolle Momente festzuhalten.</p>

		</div>
	</div>
<div class="vc_separator wpb_content_element vc_separator_align_center vc_sep_width_100 vc_sep_pos_align_center vc_separator_no_text vc_sep_color_grey wpb_content_element  wpb_content_element" ><span class="vc_sep_holder vc_sep_holder_l"><span class="vc_sep_line"></span></span><span class="vc_sep_holder vc_sep_holder_r"><span class="vc_sep_line"></span></span>
</div>
	<div class="wpb_text_column wpb_content_element" >
		<div class="wpb_wrapper">
			<p><strong><img loading="lazy" decoding="async" class="wp-image-43010 alignleft" src="https://wearevillage.org/wp-content/uploads/2026/04/wav-team-Youde-Belie-Monga.png" alt="" width="150" height="167" srcset="https://wearevillage.org/wp-content/uploads/2026/04/wav-team-Youde-Belie-Monga.png 900w, https://wearevillage.org/wp-content/uploads/2026/04/wav-team-Youde-Belie-Monga-270x300.png 270w, https://wearevillage.org/wp-content/uploads/2026/04/wav-team-Youde-Belie-Monga-135x150.png 135w, https://wearevillage.org/wp-content/uploads/2026/04/wav-team-Youde-Belie-Monga-768x853.png 768w, https://wearevillage.org/wp-content/uploads/2026/04/wav-team-Youde-Belie-Monga-624x693.png 624w, https://wearevillage.org/wp-content/uploads/2026/04/wav-team-Youde-Belie-Monga-390x433.png 390w, https://wearevillage.org/wp-content/uploads/2026/04/wav-team-Youde-Belie-Monga-600x667.png 600w" sizes="auto, (max-width: 150px) 100vw, 150px" /></strong></p>
<p><strong>Youde</strong> studierte Philosophie in Paris; ihr haitianisches Erbe und ihr Aufwachsen in Frankreich prägen ihre visuelle Sprache. Ihre Praxis überführt persönliche Erinnerungen in partizipative Formen und ist in Gemeinschaft und politischen Überzeugungen verankert. In Kollaborationen, unter anderem mit dem Kollektiv Off Hybrid, entwickelt sie eine Praxis, die Kunst politisch macht, intime Narrative mit kollektiven Prozessen verbindet und Ko-Autor*innenschaft, Selbstausdruck sowie Offenheit für die Ungewissheiten des Erzählens fördert.</p>

		</div>
	</div>
<div class="vc_separator wpb_content_element vc_separator_align_center vc_sep_width_100 vc_sep_pos_align_center vc_separator_no_text vc_sep_color_grey wpb_content_element  wpb_content_element" ><span class="vc_sep_holder vc_sep_holder_l"><span class="vc_sep_line"></span></span><span class="vc_sep_holder vc_sep_holder_r"><span class="vc_sep_line"></span></span>
</div>
	<div class="wpb_text_column wpb_content_element" >
		<div class="wpb_wrapper">
			<p><strong>Queer Bridges: Verbindungen schaffen und Ressourcen für LGBTQIA+ Menschen mit Migrationserfahrung bereitstellen.</strong></p>
<p>Queere Menschen mit Migrationserfahrung in Berlin sehen sich in ihrem täglichen Leben oft mit besonderen Herausforderungen konfrontiert, die ihren Zugang zu unterstützenden Gemeinschaften und integrativen Umgebungen einschränken können.</p>
<p><img loading="lazy" decoding="async" class="wp-image-15170 alignleft" src="https://wearevillage.org/wp-content/uploads/2024/06/stiftung-300x121.png" alt="" width="216" height="87" srcset="https://wearevillage.org/wp-content/uploads/2024/06/stiftung-300x121.png 300w, https://wearevillage.org/wp-content/uploads/2024/06/stiftung-1024x414.png 1024w, https://wearevillage.org/wp-content/uploads/2024/06/stiftung-150x61.png 150w, https://wearevillage.org/wp-content/uploads/2024/06/stiftung-768x310.png 768w, https://wearevillage.org/wp-content/uploads/2024/06/stiftung-1536x620.png 1536w, https://wearevillage.org/wp-content/uploads/2024/06/stiftung-2048x827.png 2048w, https://wearevillage.org/wp-content/uploads/2024/06/stiftung-624x252.png 624w, https://wearevillage.org/wp-content/uploads/2024/06/stiftung-390x158.png 390w, https://wearevillage.org/wp-content/uploads/2024/06/stiftung-600x242.png 600w" sizes="auto, (max-width: 216px) 100vw, 216px" />Mit Unterstützung der<strong> Deutschen Fernsehlotterie Stiftung</strong>, haben wir das Programm Queer Bridges entwickelt, um diese Hürden zu überwinden. Wir bieten Ressourcen, Vernetzung und Unterstützung in einem einladenden Umfeld für queere Migrant*innen und Geflüchtete durch unser spezielles Programm. Unser Ziel ist es, ein Gefühl der Zugehörigkeit zur lokalen LGBTQIA+ Community zu fördern und damit eine reibungslose Integration sowie eine verbesserte Lebensqualität für queere Menschen mit Migrations- und/oder Fluchterfahrung zu ermöglichen.</p>
<p><span style="vertical-align: inherit;"><span style="vertical-align: inherit;">✅ Unser <strong>Queer Bridges</strong> Programm wird sich stetig weiter entwickeln und wir freuen uns auch jederzeit von Euren Bedarfen zu hören. Bei Interesse könnt ihr uns eine E-Mail schicken, um über weitere Aktualisierungen informiert zu bleiben.</span></span></p>

		</div>
	</div>
<div class="vc_separator wpb_content_element vc_separator_align_center vc_sep_width_100 vc_sep_pos_align_center vc_separator_no_text vc_sep_color_grey wpb_content_element  wpb_content_element" ><span class="vc_sep_holder vc_sep_holder_l"><span class="vc_sep_line"></span></span><span class="vc_sep_holder vc_sep_holder_r"><span class="vc_sep_line"></span></span>
</div>
	<div class="wpb_text_column wpb_content_element" >
		<div class="wpb_wrapper">
			<p><span style="text-decoration: underline;"><strong>Hinweise</strong></span><br />
<strong>Teilnehmende</strong>: Dieser Workshop richtet sich an alle, die sich als LGBTQIA+ identifizieren und Migrations- und/oder Fluchterfahrung erlebt haben. Wenn ihr diese Erfahrungen nicht teilt, aber dennoch an einer Teilnahme interessiert seid, meldet euch bitte zuerst bei uns, um zu klären, ob ein Platz frei ist. Wir bitten alle Teilnehmenden, den Schwerpunkt des Programms zu respektieren und dazu beizutragen, einen offenen, respektvollen Raum zu schaffen.<br />
<strong>Anmeldung</strong>: Für dieses Event stehen begrenzte Plätze zur Verfügung. Eine Registrierung über unsere Website ist daher erforderlich.<br />
<strong>Sprache</strong>: Englisch<br />
<strong>Kosten</strong>: Die Teilnahme ist kostenlos.</p>

		</div>
	</div>
</div></div></div></div>
</div>

<h5>Montag<br />
18:00-19:30<br />
Kostenlos mit Anmeldung</h5>
<p><strong> | <span style="color: #ec6c23;"> LGBTQIA+ </span> |    Queere Migranten</strong></p>
<p>Dieser Workshop lädt die Teilnehmenden dazu ein, ein „Exile Diary“ zu beginnen; eine visuelle Praxis des Erinnerns und Neuerzählens persönlicher Erfahrungen. Durch Zeichnung und einfache dokumentarische Methoden erkunden die Teilnehmenden ihre Erinnerungen, gestalten ein persönliches Notizbuch und entwickeln eine eigene visuelle Sprache mit Worten, Symbolen und Referenzen. Zudem reflektiert der Workshop, wie individuelle Geschichten mit größeren historischen und politischen Zusammenhängen verbunden sind.</p>
