{"id":43044,"date":"2026-04-21T17:04:23","date_gmt":"2026-04-21T15:04:23","guid":{"rendered":"https:\/\/wearevillage.org\/?post_type=product&#038;p=43044"},"modified":"2026-04-21T17:05:13","modified_gmt":"2026-04-21T15:05:13","slug":"kurdischer-tanz-2","status":"publish","type":"product","link":"https:\/\/wearevillage.org\/shop\/queer-bridges-monday\/w21-2026\/","title":{"rendered":"Kurdischer Tanz"},"content":{"rendered":"<div class=\"wpb-content-wrapper\"><div class=\"vc_row wpb_row vc_row-fluid\"><div class=\"wpb_column vc_column_container vc_col-sm-12\"><div class=\"vc_column-inner\"><div class=\"wpb_wrapper\"><h4 style=\"text-align: left\" class=\"vc_custom_heading vc_do_custom_heading\" >Kurdischer Tanz<\/h4><h5 style=\"text-align: left\" class=\"vc_custom_heading vc_do_custom_heading\" >mit Yada Barzan<\/h5>\n\t<div class=\"wpb_text_column wpb_content_element\" >\n\t\t<div class=\"wpb_wrapper\">\n\t\t\t<p>Verwurzelt in alten Traditionen ist der kurdische Tanz eine zutiefst kollektive Praxis, in der sich T\u00e4nzer*innen durch das Halten der H\u00e4nde verbinden, einander st\u00fctzen und sich in der Bewegung erg\u00e4nzen. Er ist in Momenten von Freude, Trauer und Kampf pr\u00e4sent und tr\u00e4gt vielschichtige Symbolik sowie kulturelles Ged\u00e4chtnis. Er ist Identit\u00e4t, Geschichte und eine lebendige Form des Widerstands.<\/p>\n\n\t\t<\/div>\n\t<\/div>\n<div class=\"vc_separator wpb_content_element vc_separator_align_center vc_sep_width_100 vc_sep_pos_align_center vc_separator_no_text vc_sep_color_grey wpb_content_element  wpb_content_element\" ><span class=\"vc_sep_holder vc_sep_holder_l\"><span class=\"vc_sep_line\"><\/span><\/span><span class=\"vc_sep_holder vc_sep_holder_r\"><span class=\"vc_sep_line\"><\/span><\/span>\n<\/div>\n\t<div class=\"wpb_text_column wpb_content_element\" >\n\t\t<div class=\"wpb_wrapper\">\n\t\t\t<p><strong><img loading=\"lazy\" decoding=\"async\" class=\"wp-image-43000 alignleft\" src=\"https:\/\/wearevillage.org\/wp-content\/uploads\/2026\/04\/wav-team-Yada-Barzan.png\" alt=\"\" width=\"149\" height=\"166\" srcset=\"https:\/\/wearevillage.org\/wp-content\/uploads\/2026\/04\/wav-team-Yada-Barzan.png 900w, https:\/\/wearevillage.org\/wp-content\/uploads\/2026\/04\/wav-team-Yada-Barzan-270x300.png 270w, https:\/\/wearevillage.org\/wp-content\/uploads\/2026\/04\/wav-team-Yada-Barzan-135x150.png 135w, https:\/\/wearevillage.org\/wp-content\/uploads\/2026\/04\/wav-team-Yada-Barzan-768x853.png 768w, https:\/\/wearevillage.org\/wp-content\/uploads\/2026\/04\/wav-team-Yada-Barzan-624x693.png 624w, https:\/\/wearevillage.org\/wp-content\/uploads\/2026\/04\/wav-team-Yada-Barzan-390x433.png 390w, https:\/\/wearevillage.org\/wp-content\/uploads\/2026\/04\/wav-team-Yada-Barzan-600x667.png 600w\" sizes=\"auto, (max-width: 149px) 100vw, 149px\" \/><\/strong><\/p>\n<p><strong>Yada<\/strong> ist ein kurdischer trans Mann, dessen Leben stark durch den kurdischen Tanz gepr\u00e4gt wurde, in dem er einen Zufluchtsort fand; einen verk\u00f6rperten Raum, um Schmerz in St\u00e4rke zu verwandeln. F\u00fcr ihn steht Tanz f\u00fcr Widerstand, Solidarit\u00e4t und Gemeinschaft. Seine Arbeit hinterfragt patriarchale Strukturen und die Geschlechterbinarit\u00e4t und denkt Tradition aus einer dekolonialen, trans-inklusiven Perspektive neu. In seiner Praxis wird Tanz zu einem Ort der Revolution im K\u00f6rper und in der Gemeinschaft.<\/p>\n\n\t\t<\/div>\n\t<\/div>\n<div class=\"vc_separator wpb_content_element vc_separator_align_center vc_sep_width_100 vc_sep_pos_align_center vc_separator_no_text vc_sep_color_grey wpb_content_element  wpb_content_element\" ><span class=\"vc_sep_holder vc_sep_holder_l\"><span class=\"vc_sep_line\"><\/span><\/span><span class=\"vc_sep_holder vc_sep_holder_r\"><span class=\"vc_sep_line\"><\/span><\/span>\n<\/div>\n\t<div class=\"wpb_text_column wpb_content_element\" >\n\t\t<div class=\"wpb_wrapper\">\n\t\t\t<p><strong>Queer Bridges: Verbindungen schaffen und Ressourcen f\u00fcr LGBTQIA+ Menschen mit Migrationserfahrung bereitstellen.<\/strong><\/p>\n<p>Queere Menschen mit Migrationserfahrung in Berlin sehen sich in ihrem t\u00e4glichen Leben oft mit besonderen Herausforderungen konfrontiert, die ihren Zugang zu unterst\u00fctzenden Gemeinschaften und integrativen Umgebungen einschr\u00e4nken k\u00f6nnen.<\/p>\n<p><img loading=\"lazy\" decoding=\"async\" class=\"wp-image-15170 alignleft\" src=\"https:\/\/wearevillage.org\/wp-content\/uploads\/2024\/06\/stiftung-300x121.png\" alt=\"\" width=\"216\" height=\"87\" srcset=\"https:\/\/wearevillage.org\/wp-content\/uploads\/2024\/06\/stiftung-300x121.png 300w, https:\/\/wearevillage.org\/wp-content\/uploads\/2024\/06\/stiftung-1024x414.png 1024w, https:\/\/wearevillage.org\/wp-content\/uploads\/2024\/06\/stiftung-150x61.png 150w, https:\/\/wearevillage.org\/wp-content\/uploads\/2024\/06\/stiftung-768x310.png 768w, https:\/\/wearevillage.org\/wp-content\/uploads\/2024\/06\/stiftung-1536x620.png 1536w, https:\/\/wearevillage.org\/wp-content\/uploads\/2024\/06\/stiftung-2048x827.png 2048w, https:\/\/wearevillage.org\/wp-content\/uploads\/2024\/06\/stiftung-624x252.png 624w, https:\/\/wearevillage.org\/wp-content\/uploads\/2024\/06\/stiftung-390x158.png 390w, https:\/\/wearevillage.org\/wp-content\/uploads\/2024\/06\/stiftung-600x242.png 600w\" sizes=\"auto, (max-width: 216px) 100vw, 216px\" \/>Mit Unterst\u00fctzung der<strong> Deutschen Fernsehlotterie Stiftung<\/strong>, haben wir das Programm Queer Bridges entwickelt, um diese H\u00fcrden zu \u00fcberwinden. Wir bieten Ressourcen, Vernetzung und Unterst\u00fctzung in einem einladenden Umfeld f\u00fcr queere Migrant*innen und Gefl\u00fcchtete durch unser spezielles Programm. Unser Ziel ist es, ein Gef\u00fchl der Zugeh\u00f6rigkeit zur lokalen LGBTQIA+ Community zu f\u00f6rdern und damit eine reibungslose Integration sowie eine verbesserte Lebensqualit\u00e4t f\u00fcr queere Menschen mit Migrations- und\/oder Fluchterfahrung zu erm\u00f6glichen.<\/p>\n<p><span style=\"vertical-align: inherit;\"><span style=\"vertical-align: inherit;\">\u2705 Unser <strong>Queer Bridges<\/strong> Programm wird sich stetig weiter entwickeln und wir freuen uns auch jederzeit von Euren Bedarfen zu h\u00f6ren. Bei Interesse k\u00f6nnt ihr uns eine E-Mail schicken, um \u00fcber weitere Aktualisierungen informiert zu bleiben.<\/span><\/span><\/p>\n\n\t\t<\/div>\n\t<\/div>\n<div class=\"vc_separator wpb_content_element vc_separator_align_center vc_sep_width_100 vc_sep_pos_align_center vc_separator_no_text vc_sep_color_grey wpb_content_element  wpb_content_element\" ><span class=\"vc_sep_holder vc_sep_holder_l\"><span class=\"vc_sep_line\"><\/span><\/span><span class=\"vc_sep_holder vc_sep_holder_r\"><span class=\"vc_sep_line\"><\/span><\/span>\n<\/div>\n\t<div class=\"wpb_text_column wpb_content_element\" >\n\t\t<div class=\"wpb_wrapper\">\n\t\t\t<p><span style=\"text-decoration: underline;\"><strong>Hinweise<\/strong><\/span><br \/>\n<strong>Teilnehmende<\/strong>: Dieser Workshop richtet sich an alle, die sich als LGBTQIA+ identifizieren und Migrations- und\/oder Fluchterfahrung erlebt haben. Wenn ihr diese Erfahrungen nicht teilt, aber dennoch an einer Teilnahme interessiert seid, meldet euch bitte zuerst bei uns, um zu kl\u00e4ren, ob ein Platz frei ist. Wir bitten alle Teilnehmenden, den Schwerpunkt des Programms zu respektieren und dazu beizutragen, einen offenen, respektvollen Raum zu schaffen.<br \/>\n<strong>Anmeldung<\/strong>: F\u00fcr dieses Event stehen begrenzte Pl\u00e4tze zur Verf\u00fcgung. Eine Registrierung \u00fcber unsere Website ist daher erforderlich.<br \/>\n<strong>Sprache<\/strong>: Englisch<br \/>\n<strong>Kosten<\/strong>: Die Teilnahme ist kostenlos.<\/p>\n\n\t\t<\/div>\n\t<\/div>\n<\/div><\/div><\/div><\/div>\n<\/div>","protected":false},"excerpt":{"rendered":"<h5>Montag<br \/>\n18:00-19:30<br \/>\nKostenlos mit Anmeldung<\/h5>\n<p><strong> | <span style=\"color: #ec6c23;\"> LGBTQIA+ <\/span> |\u00a0 \u00a0 Queere Migranten<\/strong><\/p>\n<p>Verwurzelt in alten Traditionen ist kurdischer Tanz eine kollektive Praxis des Verbindens und gemeinsamen Bewegens. Er begleitet Freude, Trauer und Widerstand und tr\u00e4gt kulturelles Ged\u00e4chtnis; ein Ausdruck von Identit\u00e4t, Geschichte und gelebtem Widerstand.<\/p>\n","protected":false},"author":12,"featured_media":43004,"template":"","meta":{"pmpro_default_level":"","inline_featured_image":false},"product_brand":[],"product_cat":[769,797,83],"product_tag":[469],"class_list":{"0":"post-43044","1":"product","2":"type-product","3":"status-publish","4":"has-post-thumbnail","6":"product_cat-kostenloser-zugang","7":"product_cat-queer-bridges-events-2","8":"product_cat-workshops","9":"product_tag-lgbtqiaplus","10":"pmpro-has-access","12":"first","13":"instock","14":"sold-individually","15":"purchasable","16":"product-type-simple"},"wpml_current_locale":"de_DE","wpml_translations":{"en_US":{"locale":"en_US","id":43045,"slug":"kurdischer-tanz-2","post_title":"Kurdischer Tanz","href":"https:\/\/wearevillage.org\/en\/shop\/queer-bridges-monday\/w21-2026"}},"language":{"code":"de","locale":"","name":"","is_rtl":false},"_links":{"self":[{"href":"https:\/\/wearevillage.org\/wp-json\/wp\/v2\/product\/43044","targetHints":{"allow":["GET"]}}],"collection":[{"href":"https:\/\/wearevillage.org\/wp-json\/wp\/v2\/product"}],"about":[{"href":"https:\/\/wearevillage.org\/wp-json\/wp\/v2\/types\/product"}],"author":[{"embeddable":true,"href":"https:\/\/wearevillage.org\/wp-json\/wp\/v2\/users\/12"}],"wp:featuredmedia":[{"embeddable":true,"href":"https:\/\/wearevillage.org\/wp-json\/wp\/v2\/media\/43004"}],"wp:attachment":[{"href":"https:\/\/wearevillage.org\/wp-json\/wp\/v2\/media?parent=43044"}],"wp:term":[{"taxonomy":"product_brand","embeddable":true,"href":"https:\/\/wearevillage.org\/wp-json\/wp\/v2\/product_brand?post=43044"},{"taxonomy":"product_cat","embeddable":true,"href":"https:\/\/wearevillage.org\/wp-json\/wp\/v2\/product_cat?post=43044"},{"taxonomy":"product_tag","embeddable":true,"href":"https:\/\/wearevillage.org\/wp-json\/wp\/v2\/product_tag?post=43044"}],"curies":[{"name":"wp","href":"https:\/\/api.w.org\/{rel}","templated":true}]}}

<div class="wpb-content-wrapper"><div class="vc_row wpb_row vc_row-fluid"><div class="wpb_column vc_column_container vc_col-sm-12"><div class="vc_column-inner"><div class="wpb_wrapper"><h4 style="text-align: left" class="vc_custom_heading vc_do_custom_heading" >Kurdischer Tanz</h4><h5 style="text-align: left" class="vc_custom_heading vc_do_custom_heading" >mit Yada Barzan</h5>
	<div class="wpb_text_column wpb_content_element" >
		<div class="wpb_wrapper">
			<p>Verwurzelt in alten Traditionen ist der kurdische Tanz eine zutiefst kollektive Praxis, in der sich Tänzer*innen durch das Halten der Hände verbinden, einander stützen und sich in der Bewegung ergänzen. Er ist in Momenten von Freude, Trauer und Kampf präsent und trägt vielschichtige Symbolik sowie kulturelles Gedächtnis. Er ist Identität, Geschichte und eine lebendige Form des Widerstands.</p>

		</div>
	</div>
<div class="vc_separator wpb_content_element vc_separator_align_center vc_sep_width_100 vc_sep_pos_align_center vc_separator_no_text vc_sep_color_grey wpb_content_element  wpb_content_element" ><span class="vc_sep_holder vc_sep_holder_l"><span class="vc_sep_line"></span></span><span class="vc_sep_holder vc_sep_holder_r"><span class="vc_sep_line"></span></span>
</div>
	<div class="wpb_text_column wpb_content_element" >
		<div class="wpb_wrapper">
			<p><strong><img loading="lazy" decoding="async" class="wp-image-43000 alignleft" src="https://wearevillage.org/wp-content/uploads/2026/04/wav-team-Yada-Barzan.png" alt="" width="149" height="166" srcset="https://wearevillage.org/wp-content/uploads/2026/04/wav-team-Yada-Barzan.png 900w, https://wearevillage.org/wp-content/uploads/2026/04/wav-team-Yada-Barzan-270x300.png 270w, https://wearevillage.org/wp-content/uploads/2026/04/wav-team-Yada-Barzan-135x150.png 135w, https://wearevillage.org/wp-content/uploads/2026/04/wav-team-Yada-Barzan-768x853.png 768w, https://wearevillage.org/wp-content/uploads/2026/04/wav-team-Yada-Barzan-624x693.png 624w, https://wearevillage.org/wp-content/uploads/2026/04/wav-team-Yada-Barzan-390x433.png 390w, https://wearevillage.org/wp-content/uploads/2026/04/wav-team-Yada-Barzan-600x667.png 600w" sizes="auto, (max-width: 149px) 100vw, 149px" /></strong></p>
<p><strong>Yada</strong> ist ein kurdischer trans Mann, dessen Leben stark durch den kurdischen Tanz geprägt wurde, in dem er einen Zufluchtsort fand; einen verkörperten Raum, um Schmerz in Stärke zu verwandeln. Für ihn steht Tanz für Widerstand, Solidarität und Gemeinschaft. Seine Arbeit hinterfragt patriarchale Strukturen und die Geschlechterbinarität und denkt Tradition aus einer dekolonialen, trans-inklusiven Perspektive neu. In seiner Praxis wird Tanz zu einem Ort der Revolution im Körper und in der Gemeinschaft.</p>

		</div>
	</div>
<div class="vc_separator wpb_content_element vc_separator_align_center vc_sep_width_100 vc_sep_pos_align_center vc_separator_no_text vc_sep_color_grey wpb_content_element  wpb_content_element" ><span class="vc_sep_holder vc_sep_holder_l"><span class="vc_sep_line"></span></span><span class="vc_sep_holder vc_sep_holder_r"><span class="vc_sep_line"></span></span>
</div>
	<div class="wpb_text_column wpb_content_element" >
		<div class="wpb_wrapper">
			<p><strong>Queer Bridges: Verbindungen schaffen und Ressourcen für LGBTQIA+ Menschen mit Migrationserfahrung bereitstellen.</strong></p>
<p>Queere Menschen mit Migrationserfahrung in Berlin sehen sich in ihrem täglichen Leben oft mit besonderen Herausforderungen konfrontiert, die ihren Zugang zu unterstützenden Gemeinschaften und integrativen Umgebungen einschränken können.</p>
<p><img loading="lazy" decoding="async" class="wp-image-15170 alignleft" src="https://wearevillage.org/wp-content/uploads/2024/06/stiftung-300x121.png" alt="" width="216" height="87" srcset="https://wearevillage.org/wp-content/uploads/2024/06/stiftung-300x121.png 300w, https://wearevillage.org/wp-content/uploads/2024/06/stiftung-1024x414.png 1024w, https://wearevillage.org/wp-content/uploads/2024/06/stiftung-150x61.png 150w, https://wearevillage.org/wp-content/uploads/2024/06/stiftung-768x310.png 768w, https://wearevillage.org/wp-content/uploads/2024/06/stiftung-1536x620.png 1536w, https://wearevillage.org/wp-content/uploads/2024/06/stiftung-2048x827.png 2048w, https://wearevillage.org/wp-content/uploads/2024/06/stiftung-624x252.png 624w, https://wearevillage.org/wp-content/uploads/2024/06/stiftung-390x158.png 390w, https://wearevillage.org/wp-content/uploads/2024/06/stiftung-600x242.png 600w" sizes="auto, (max-width: 216px) 100vw, 216px" />Mit Unterstützung der<strong> Deutschen Fernsehlotterie Stiftung</strong>, haben wir das Programm Queer Bridges entwickelt, um diese Hürden zu überwinden. Wir bieten Ressourcen, Vernetzung und Unterstützung in einem einladenden Umfeld für queere Migrant*innen und Geflüchtete durch unser spezielles Programm. Unser Ziel ist es, ein Gefühl der Zugehörigkeit zur lokalen LGBTQIA+ Community zu fördern und damit eine reibungslose Integration sowie eine verbesserte Lebensqualität für queere Menschen mit Migrations- und/oder Fluchterfahrung zu ermöglichen.</p>
<p><span style="vertical-align: inherit;"><span style="vertical-align: inherit;">✅ Unser <strong>Queer Bridges</strong> Programm wird sich stetig weiter entwickeln und wir freuen uns auch jederzeit von Euren Bedarfen zu hören. Bei Interesse könnt ihr uns eine E-Mail schicken, um über weitere Aktualisierungen informiert zu bleiben.</span></span></p>

		</div>
	</div>
<div class="vc_separator wpb_content_element vc_separator_align_center vc_sep_width_100 vc_sep_pos_align_center vc_separator_no_text vc_sep_color_grey wpb_content_element  wpb_content_element" ><span class="vc_sep_holder vc_sep_holder_l"><span class="vc_sep_line"></span></span><span class="vc_sep_holder vc_sep_holder_r"><span class="vc_sep_line"></span></span>
</div>
	<div class="wpb_text_column wpb_content_element" >
		<div class="wpb_wrapper">
			<p><span style="text-decoration: underline;"><strong>Hinweise</strong></span><br />
<strong>Teilnehmende</strong>: Dieser Workshop richtet sich an alle, die sich als LGBTQIA+ identifizieren und Migrations- und/oder Fluchterfahrung erlebt haben. Wenn ihr diese Erfahrungen nicht teilt, aber dennoch an einer Teilnahme interessiert seid, meldet euch bitte zuerst bei uns, um zu klären, ob ein Platz frei ist. Wir bitten alle Teilnehmenden, den Schwerpunkt des Programms zu respektieren und dazu beizutragen, einen offenen, respektvollen Raum zu schaffen.<br />
<strong>Anmeldung</strong>: Für dieses Event stehen begrenzte Plätze zur Verfügung. Eine Registrierung über unsere Website ist daher erforderlich.<br />
<strong>Sprache</strong>: Englisch<br />
<strong>Kosten</strong>: Die Teilnahme ist kostenlos.</p>

		</div>
	</div>
</div></div></div></div>
</div>

<h5>Montag<br />
18:00-19:30<br />
Kostenlos mit Anmeldung</h5>
<p><strong> | <span style="color: #ec6c23;"> LGBTQIA+ </span> |    Queere Migranten</strong></p>
<p>Verwurzelt in alten Traditionen ist kurdischer Tanz eine kollektive Praxis des Verbindens und gemeinsamen Bewegens. Er begleitet Freude, Trauer und Widerstand und trägt kulturelles Gedächtnis; ein Ausdruck von Identität, Geschichte und gelebtem Widerstand.</p>
