{"id":43077,"date":"2026-04-22T11:22:56","date_gmt":"2026-04-22T09:22:56","guid":{"rendered":"https:\/\/wearevillage.org\/?post_type=product&#038;p=43077"},"modified":"2026-04-28T09:59:04","modified_gmt":"2026-04-28T07:59:04","slug":"film-night-jaripeo-documentary","status":"publish","type":"product","link":"https:\/\/wearevillage.org\/shop\/village-film\/w22-2026\/","title":{"rendered":"Film Night \u2013 Jaripeo Documentary"},"content":{"rendered":"<div class=\"wpb-content-wrapper\"><div class=\"vc_row wpb_row vc_row-fluid\"><div class=\"wpb_column vc_column_container vc_col-sm-12\"><div class=\"vc_column-inner\"><div class=\"wpb_wrapper\"><h4 style=\"text-align: left\" class=\"vc_custom_heading vc_do_custom_heading\" >Village Film Night - Jaripeo Documentary<\/h4><h5 style=\"text-align: left\" class=\"vc_custom_heading vc_do_custom_heading\" >Gast: Sebasti\u00e1n Arcos<\/h5>\n\t<div class=\"wpb_text_column wpb_content_element\" >\n\t\t<div class=\"wpb_wrapper\">\n\t\t\t<p><strong>Jaripeo<br \/>\n<\/strong>Regie: Efra\u00edn Mojica, Rebecca Zweig<br \/>\n2026 \u2013 70 Min.<br \/>\nAuf Spanisch und Englisch mit englischen Untertiteln<\/p>\n<p>Jedes Jahr zu Weihnachten erwacht die Stadt Penjamillo in Michoac\u00e1n mit dem Jaripeo zum Leben \u2014 einem traditionellen Rodeo, das Einheimische und aus den USA zur\u00fcckgekehrte Migranten anzieht, eine Feier der Cowboy-Kultur und der l\u00e4ndlich-mexikanischen M\u00e4nnlichkeit. Unter der Oberfl\u00e4che dieses hypermaskulinen Rituals erbl\u00fcht eine verborgene queere Subkultur.<\/p>\n<p>Co-Regie f\u00fchren Efra\u00edn Mojica und Rebecca Zweig. Der Film verbindet traditionelle Ranchera-Musik, die mit elektronischen Kl\u00e4ngen experimentiert, Super-8-Aufnahmen und traumartige Zwischensequenzen, um eine queere Subkultur zu enth\u00fcllen, die inmitten einer der am st\u00e4rksten machogepr\u00e4gten Traditionen des l\u00e4ndlichen Mexikos gedeiht. Efra\u00edn selbst dient als F\u00fchrer und Protagonist, begleitet von No\u00e9, einem begehrten Cowboy, der seine Identit\u00e4t weitgehend verborgen h\u00e4lt, und Joseph, einem extrovertierten Stylisten, der seine Extravaganz mit Stolz tr\u00e4gt.<\/p>\n<p>Jaripeo, der beim Sundance seine Premiere feierte und seine internationale Premiere auf der Berlinale hatte, versucht weder aufzudecken noch aufzul\u00f6sen. Er bittet uns lediglich, genauer hinzuschauen \u2014 und innerhalb der Tradition die ganze Komplexit\u00e4t von Begehren und Zugeh\u00f6rigkeit zu entdecken.<\/p>\n\n\t\t<\/div>\n\t<\/div>\n<div class=\"vc_separator wpb_content_element vc_separator_align_center vc_sep_width_100 vc_sep_pos_align_center vc_separator_no_text vc_sep_color_grey wpb_content_element  wpb_content_element\" ><span class=\"vc_sep_holder vc_sep_holder_l\"><span class=\"vc_sep_line\"><\/span><\/span><span class=\"vc_sep_holder vc_sep_holder_r\"><span class=\"vc_sep_line\"><\/span><\/span>\n<\/div>\n\t<div class=\"wpb_text_column wpb_content_element\" >\n\t\t<div class=\"wpb_wrapper\">\n\t\t\t<p><strong>\u00dcber die Filmnacht am Village<\/strong><br \/>\nDie monatliche Filmnacht von we are village hat sich zu einem Muss f\u00fcr Cineasten entwickelt, die eine Auswahl an beliebten Klassikern genie\u00dfen wollen. Das Programm umfasst eine breite Erkundung queerer und nicht-normativer Perspektiven in verschiedenen Genres und k\u00fcnstlerischen Stilen, die \u00fcber LGBTQIA+Themen hinausgehen. Nach jeder Vorf\u00fchrung werden die G\u00e4ste zum Verweilen und zur Teilnahme an entspannten Gruppendiskussionen \u00fcber die Filme und damit verbundene Themen eingeladen.<\/p>\n\n\t\t<\/div>\n\t<\/div>\n<div class=\"vc_separator wpb_content_element vc_separator_align_center vc_sep_width_100 vc_sep_pos_align_center vc_separator_no_text vc_sep_color_grey wpb_content_element  wpb_content_element\" ><span class=\"vc_sep_holder vc_sep_holder_l\"><span class=\"vc_sep_line\"><\/span><\/span><span class=\"vc_sep_holder vc_sep_holder_r\"><span class=\"vc_sep_line\"><\/span><\/span>\n<\/div>\n\t<div class=\"wpb_text_column wpb_content_element\" >\n\t\t<div class=\"wpb_wrapper\">\n\t\t\t<p><img loading=\"lazy\" decoding=\"async\" class=\"wp-image-24023 alignleft\" src=\"https:\/\/wearevillage.org\/wp-content\/uploads\/2025\/03\/wav-team-Sebastian-Arcos.png\" alt=\"\" width=\"151\" height=\"181\" \/>Sebasti\u00e1n Arcos ist ein*e kolumbianische*r Kreative*r und Aktivist*in mit Wohnsitz in Berlin, die an der Schnittstelle von Design, Kuratierung und kultureller Produktion arbeitet. In Kolumbien hat Sebasti\u00e1n <strong>Maricafest!<\/strong> mitbegr\u00fcndet \u2013 ein Festival, das queere Identit\u00e4ten feiert \u2013 und ist Vorstandsmitglied der HIV-Aufkl\u00e4rungsorganisation <strong>M\u00e1s Que Tres Letras<\/strong>. In Berlin arbeitet Sebasti\u00e1n mit <strong>We Are Village<\/strong> an Projekten in den Bereichen Marketing, Kommunikation und Kuratierung, darunter das <strong>Instinct Art Project<\/strong>. Au\u00dferdem ist Sebasti\u00e1n als Philanthropie-Berater*in bei <strong>Give Out Germany<\/strong> t\u00e4tig und entwickelt Strategien zur St\u00e4rkung der Finanzierung von <strong>LGBTIQ+ Initiativen im Globalen S\u00fcden<\/strong>.<\/p>\n<div class=\"vc_separator wpb_content_element vc_separator_align_center vc_sep_width_100 vc_sep_pos_align_center vc_separator_no_text vc_sep_color_grey vc_custom_1724778095340 wpb_content_element vc_custom_1724778095340 wpb_content_element\"><\/div>\n\n\t\t<\/div>\n\t<\/div>\n<div class=\"vc_separator wpb_content_element vc_separator_align_center vc_sep_width_100 vc_sep_pos_align_center vc_separator_no_text vc_sep_color_grey vc_custom_1724778095340 wpb_content_element  vc_custom_1724778095340 wpb_content_element\" ><span class=\"vc_sep_holder vc_sep_holder_l\"><span class=\"vc_sep_line\"><\/span><\/span><span class=\"vc_sep_holder vc_sep_holder_r\"><span class=\"vc_sep_line\"><\/span><\/span>\n<\/div>\n\t<div class=\"wpb_text_column wpb_content_element\" >\n\t\t<div class=\"wpb_wrapper\">\n\t\t\t<p><b>Hinweise:<br \/>\n<\/b><strong>Sprache<\/strong>: Englisch\/Deustch<br \/>\n<strong>Kosten<\/strong>: kostenlos mit Anmeldung<\/p>\n<p><em>** Diese Veranstaltung ist Teil unseres Programms \u201a<strong><a href=\"https:\/\/wearevillage.org\/village-quartiere\/addressing-queer-lonliness\" target=\"_blank\" rel=\"noopener\">Gemeinsam statt einsam<\/a><\/strong>\u201a, unterst\u00fctzt von der <strong><a href=\"https:\/\/www.berlin.de\/sen\/lads\/\" target=\"_blank\" rel=\"noopener\">LADS<\/a><\/strong>. <\/em><br \/>\n<em>Erfahre mehr \u00fcber das Programm <a href=\"https:\/\/wearevillage.org\/village-quartiere\/addressing-queer-lonliness\" target=\"_blank\" rel=\"noopener\">hier<\/a>.<\/em><\/p>\n\n\t\t<\/div>\n\t<\/div>\n<\/div><\/div><\/div><\/div>\n<\/div>","protected":false},"excerpt":{"rendered":"<h5>Dienstags (einmal im Monat)<br \/>\n20:00 \u2013 22:30<br \/>\nEintritt frei<\/h5>\n<p class=\"p1\"><strong>| <span style=\"color: #ec6c23;\">LGBTQIA+<\/span> |<\/strong><\/p>\n<p><strong>Jaripeo<br \/>\n<\/strong>Regie: Efra\u00edn Mojica, Rebecca Zweig<br \/>\n2026 \u2013 70 Min.<br \/>\nAuf Spanisch und Englisch mit englischen Untertiteln<br \/>\nJedes Jahr zu Weihnachten erwacht die Stadt Penjamillo in Michoac\u00e1n mit dem Jaripeo zum Leben \u2014 einem traditionellen Rodeo, das Einheimische und aus den USA zur\u00fcckgekehrte Migranten anzieht, eine Feier der Cowboy-Kultur und der l\u00e4ndlich-mexikanischen M\u00e4nnlichkeit. Unter der Oberfl\u00e4che dieses hypermaskulinen Rituals erbl\u00fcht eine verborgene queere Subkultur.<\/p>\n","protected":false},"author":12,"featured_media":43263,"template":"","meta":{"pmpro_default_level":"","inline_featured_image":false},"product_brand":[],"product_cat":[77,76,769,79],"product_tag":[469],"class_list":{"0":"post-43077","1":"product","2":"type-product","3":"status-publish","4":"has-post-thumbnail","6":"product_cat-community-events","7":"product_cat-ausstellung","8":"product_cat-kostenloser-zugang","9":"product_cat-monatliche-events","10":"product_tag-lgbtqiaplus","11":"pmpro-has-access","13":"first","14":"instock","15":"sold-individually","16":"purchasable","17":"product-type-simple"},"wpml_current_locale":"de_DE","wpml_translations":{"en_US":{"locale":"en_US","id":43078,"slug":"film-night-jaripeo-documentary","post_title":"Film Night - Jaripeo Documentary","href":"https:\/\/wearevillage.org\/en\/shop\/village-film\/w22-2026"}},"language":{"code":"de","locale":"","name":"","is_rtl":false},"_links":{"self":[{"href":"https:\/\/wearevillage.org\/wp-json\/wp\/v2\/product\/43077","targetHints":{"allow":["GET"]}}],"collection":[{"href":"https:\/\/wearevillage.org\/wp-json\/wp\/v2\/product"}],"about":[{"href":"https:\/\/wearevillage.org\/wp-json\/wp\/v2\/types\/product"}],"author":[{"embeddable":true,"href":"https:\/\/wearevillage.org\/wp-json\/wp\/v2\/users\/12"}],"wp:featuredmedia":[{"embeddable":true,"href":"https:\/\/wearevillage.org\/wp-json\/wp\/v2\/media\/43263"}],"wp:attachment":[{"href":"https:\/\/wearevillage.org\/wp-json\/wp\/v2\/media?parent=43077"}],"wp:term":[{"taxonomy":"product_brand","embeddable":true,"href":"https:\/\/wearevillage.org\/wp-json\/wp\/v2\/product_brand?post=43077"},{"taxonomy":"product_cat","embeddable":true,"href":"https:\/\/wearevillage.org\/wp-json\/wp\/v2\/product_cat?post=43077"},{"taxonomy":"product_tag","embeddable":true,"href":"https:\/\/wearevillage.org\/wp-json\/wp\/v2\/product_tag?post=43077"}],"curies":[{"name":"wp","href":"https:\/\/api.w.org\/{rel}","templated":true}]}}

<div class="wpb-content-wrapper"><div class="vc_row wpb_row vc_row-fluid"><div class="wpb_column vc_column_container vc_col-sm-12"><div class="vc_column-inner"><div class="wpb_wrapper"><h4 style="text-align: left" class="vc_custom_heading vc_do_custom_heading" >Village Film Night - Jaripeo Documentary</h4><h5 style="text-align: left" class="vc_custom_heading vc_do_custom_heading" >Gast: Sebastián Arcos</h5>
	<div class="wpb_text_column wpb_content_element" >
		<div class="wpb_wrapper">
			<p><strong>Jaripeo<br />
</strong>Regie: Efraín Mojica, Rebecca Zweig<br />
2026 – 70 Min.<br />
Auf Spanisch und Englisch mit englischen Untertiteln</p>
<p>Jedes Jahr zu Weihnachten erwacht die Stadt Penjamillo in Michoacán mit dem Jaripeo zum Leben — einem traditionellen Rodeo, das Einheimische und aus den USA zurückgekehrte Migranten anzieht, eine Feier der Cowboy-Kultur und der ländlich-mexikanischen Männlichkeit. Unter der Oberfläche dieses hypermaskulinen Rituals erblüht eine verborgene queere Subkultur.</p>
<p>Co-Regie führen Efraín Mojica und Rebecca Zweig. Der Film verbindet traditionelle Ranchera-Musik, die mit elektronischen Klängen experimentiert, Super-8-Aufnahmen und traumartige Zwischensequenzen, um eine queere Subkultur zu enthüllen, die inmitten einer der am stärksten machogeprägten Traditionen des ländlichen Mexikos gedeiht. Efraín selbst dient als Führer und Protagonist, begleitet von Noé, einem begehrten Cowboy, der seine Identität weitgehend verborgen hält, und Joseph, einem extrovertierten Stylisten, der seine Extravaganz mit Stolz trägt.</p>
<p>Jaripeo, der beim Sundance seine Premiere feierte und seine internationale Premiere auf der Berlinale hatte, versucht weder aufzudecken noch aufzulösen. Er bittet uns lediglich, genauer hinzuschauen — und innerhalb der Tradition die ganze Komplexität von Begehren und Zugehörigkeit zu entdecken.</p>

		</div>
	</div>
<div class="vc_separator wpb_content_element vc_separator_align_center vc_sep_width_100 vc_sep_pos_align_center vc_separator_no_text vc_sep_color_grey wpb_content_element  wpb_content_element" ><span class="vc_sep_holder vc_sep_holder_l"><span class="vc_sep_line"></span></span><span class="vc_sep_holder vc_sep_holder_r"><span class="vc_sep_line"></span></span>
</div>
	<div class="wpb_text_column wpb_content_element" >
		<div class="wpb_wrapper">
			<p><strong>Über die Filmnacht am Village</strong><br />
Die monatliche Filmnacht von we are village hat sich zu einem Muss für Cineasten entwickelt, die eine Auswahl an beliebten Klassikern genießen wollen. Das Programm umfasst eine breite Erkundung queerer und nicht-normativer Perspektiven in verschiedenen Genres und künstlerischen Stilen, die über LGBTQIA+Themen hinausgehen. Nach jeder Vorführung werden die Gäste zum Verweilen und zur Teilnahme an entspannten Gruppendiskussionen über die Filme und damit verbundene Themen eingeladen.</p>

		</div>
	</div>
<div class="vc_separator wpb_content_element vc_separator_align_center vc_sep_width_100 vc_sep_pos_align_center vc_separator_no_text vc_sep_color_grey wpb_content_element  wpb_content_element" ><span class="vc_sep_holder vc_sep_holder_l"><span class="vc_sep_line"></span></span><span class="vc_sep_holder vc_sep_holder_r"><span class="vc_sep_line"></span></span>
</div>
	<div class="wpb_text_column wpb_content_element" >
		<div class="wpb_wrapper">
			<p><img loading="lazy" decoding="async" class="wp-image-24023 alignleft" src="https://wearevillage.org/wp-content/uploads/2025/03/wav-team-Sebastian-Arcos.png" alt="" width="151" height="181" />Sebastián Arcos ist ein*e kolumbianische*r Kreative*r und Aktivist*in mit Wohnsitz in Berlin, die an der Schnittstelle von Design, Kuratierung und kultureller Produktion arbeitet. In Kolumbien hat Sebastián <strong>Maricafest!</strong> mitbegründet – ein Festival, das queere Identitäten feiert – und ist Vorstandsmitglied der HIV-Aufklärungsorganisation <strong>Más Que Tres Letras</strong>. In Berlin arbeitet Sebastián mit <strong>We Are Village</strong> an Projekten in den Bereichen Marketing, Kommunikation und Kuratierung, darunter das <strong>Instinct Art Project</strong>. Außerdem ist Sebastián als Philanthropie-Berater*in bei <strong>Give Out Germany</strong> tätig und entwickelt Strategien zur Stärkung der Finanzierung von <strong>LGBTIQ+ Initiativen im Globalen Süden</strong>.</p>
<div class="vc_separator wpb_content_element vc_separator_align_center vc_sep_width_100 vc_sep_pos_align_center vc_separator_no_text vc_sep_color_grey vc_custom_1724778095340 wpb_content_element vc_custom_1724778095340 wpb_content_element"></div>

		</div>
	</div>
<div class="vc_separator wpb_content_element vc_separator_align_center vc_sep_width_100 vc_sep_pos_align_center vc_separator_no_text vc_sep_color_grey vc_custom_1724778095340 wpb_content_element  vc_custom_1724778095340 wpb_content_element" ><span class="vc_sep_holder vc_sep_holder_l"><span class="vc_sep_line"></span></span><span class="vc_sep_holder vc_sep_holder_r"><span class="vc_sep_line"></span></span>
</div>
	<div class="wpb_text_column wpb_content_element" >
		<div class="wpb_wrapper">
			<p><b>Hinweise:<br />
</b><strong>Sprache</strong>: Englisch/Deustch<br />
<strong>Kosten</strong>: kostenlos mit Anmeldung</p>
<p><em>** Diese Veranstaltung ist Teil unseres Programms ‚<strong><a href="https://wearevillage.org/village-quartiere/addressing-queer-lonliness" target="_blank" rel="noopener">Gemeinsam statt einsam</a></strong>‚, unterstützt von der <strong><a href="https://www.berlin.de/sen/lads/" target="_blank" rel="noopener">LADS</a></strong>. </em><br />
<em>Erfahre mehr über das Programm <a href="https://wearevillage.org/village-quartiere/addressing-queer-lonliness" target="_blank" rel="noopener">hier</a>.</em></p>

		</div>
	</div>
</div></div></div></div>
</div>

<h5>Dienstags (einmal im Monat)<br />
20:00 – 22:30<br />
Eintritt frei</h5>
<p class="p1"><strong>| <span style="color: #ec6c23;">LGBTQIA+</span> |</strong></p>
<p><strong>Jaripeo<br />
</strong>Regie: Efraín Mojica, Rebecca Zweig<br />
2026 – 70 Min.<br />
Auf Spanisch und Englisch mit englischen Untertiteln<br />
Jedes Jahr zu Weihnachten erwacht die Stadt Penjamillo in Michoacán mit dem Jaripeo zum Leben — einem traditionellen Rodeo, das Einheimische und aus den USA zurückgekehrte Migranten anzieht, eine Feier der Cowboy-Kultur und der ländlich-mexikanischen Männlichkeit. Unter der Oberfläche dieses hypermaskulinen Rituals erblüht eine verborgene queere Subkultur.</p>
