{"id":43115,"date":"2026-04-23T09:53:32","date_gmt":"2026-04-23T07:53:32","guid":{"rendered":"https:\/\/wearevillage.org\/?post_type=product&#038;p=43115"},"modified":"2026-04-23T10:07:56","modified_gmt":"2026-04-23T08:07:56","slug":"outdoor-durch-wald-und-moor-um-boetz-und-faengersee-bei-strausberg","status":"publish","type":"product","link":"https:\/\/wearevillage.org\/shop\/village-outdoor\/w22-2026\/","title":{"rendered":"Outdoor \u2013 Durch Wald und Moor um B\u00f6tz- und F\u00e4ngersee bei Strausberg"},"content":{"rendered":"<div class=\"wpb-content-wrapper\"><div class=\"vc_row wpb_row vc_row-fluid\"><div class=\"wpb_column vc_column_container vc_col-sm-12\"><div class=\"vc_column-inner\"><div class=\"wpb_wrapper\"><h4 style=\"text-align: left\" class=\"vc_custom_heading vc_do_custom_heading\" >Village Outdoor \u2013 Durch Wald und Moor um B\u00f6tz- und F\u00e4ngersee bei Strausberg<\/h4><h5 style=\"text-align: left\" class=\"vc_custom_heading vc_do_custom_heading\" >mit Harms Wulf und Thomas Fischer<\/h5>\n\t<div class=\"wpb_text_column wpb_content_element\" >\n\t\t<div class=\"wpb_wrapper\">\n\t\t\t<p>Im Mai f\u00fchrt uns eine abwechslungsreiche Rundwanderung durch das wundersch\u00f6ne Landschaftsschutzgebiet Strausberger und Blumenthaler Wald- und Seengebiet. Der Weg verl\u00e4uft gr\u00f6\u00dftenteils entlang der Ufer von B\u00f6tzsee und F\u00e4ngersee und bietet immer wieder beeindruckende Ausblicke auf die Natur.<br \/>\nUnterwegs begegnen wir alten, teils verfallenen M\u00fchlen, die von vergangenen Zeiten erz\u00e4hlen. Immer wieder laden idyllische Badestellen zu einer Pause ein \u2013 und vielleicht ist es ja schon warm genug f\u00fcr ein erstes Bad im See.<br \/>\nDa Einkehrm\u00f6glichkeiten unterwegs nicht garantiert sind, denkt bitte an ausreichend Proviant und etwas zu trinken \u2013 sicher ist sicher!<\/p>\n\n\t\t<\/div>\n\t<\/div>\n<div class=\"vc_separator wpb_content_element vc_separator_align_center vc_sep_width_100 vc_sep_pos_align_center vc_separator_no_text vc_sep_color_grey wpb_content_element  wpb_content_element\" ><span class=\"vc_sep_holder vc_sep_holder_l\"><span class=\"vc_sep_line\"><\/span><\/span><span class=\"vc_sep_holder vc_sep_holder_r\"><span class=\"vc_sep_line\"><\/span><\/span>\n<\/div>\n\t<div class=\"wpb_text_column wpb_content_element\" >\n\t\t<div class=\"wpb_wrapper\">\n\t\t\t<p><strong>Was ist Village Outdoor?<\/strong><br \/>\nVillage Outdoor Events sind monatliche Treffen der we are village-Community und ihrer Freunde, um Outdoor-Aktivit\u00e4ten in und um Berlin zu genie\u00dfen. Zu den Aktivit\u00e4ten geh\u00f6ren Waldwanderungen, Radtouren, Schwimmen in Seen, Sightseeing und Kajakfahren.<br \/>\nJeden Monat gibt es einen kostenlosen und unkomplizierten Spaziergang oder eine Wanderung in Bereichen Berlins oder in der Umgebung, die mit \u00f6ffentlichen Verkehrsmitteln erreichbar sind.<\/p>\n\n\t\t<\/div>\n\t<\/div>\n<div class=\"vc_separator wpb_content_element vc_separator_align_center vc_sep_width_100 vc_sep_pos_align_center vc_separator_no_text vc_sep_color_grey wpb_content_element  wpb_content_element\" ><span class=\"vc_sep_holder vc_sep_holder_l\"><span class=\"vc_sep_line\"><\/span><\/span><span class=\"vc_sep_holder vc_sep_holder_r\"><span class=\"vc_sep_line\"><\/span><\/span>\n<\/div>\n\t<div class=\"wpb_text_column wpb_content_element\" >\n\t\t<div class=\"wpb_wrapper\">\n\t\t\t<p><img loading=\"lazy\" decoding=\"async\" class=\"wp-image-13760 alignleft\" src=\"https:\/\/wearevillage.org\/wp-content\/uploads\/2024\/04\/wav-team-Harms-Wulf-270x300.png\" alt=\"\" width=\"130\" height=\"145\" srcset=\"https:\/\/wearevillage.org\/wp-content\/uploads\/2024\/04\/wav-team-Harms-Wulf-270x300.png 270w, https:\/\/wearevillage.org\/wp-content\/uploads\/2024\/04\/wav-team-Harms-Wulf-135x150.png 135w, https:\/\/wearevillage.org\/wp-content\/uploads\/2024\/04\/wav-team-Harms-Wulf-768x853.png 768w, https:\/\/wearevillage.org\/wp-content\/uploads\/2024\/04\/wav-team-Harms-Wulf-624x693.png 624w, https:\/\/wearevillage.org\/wp-content\/uploads\/2024\/04\/wav-team-Harms-Wulf-390x433.png 390w, https:\/\/wearevillage.org\/wp-content\/uploads\/2024\/04\/wav-team-Harms-Wulf-600x667.png 600w, https:\/\/wearevillage.org\/wp-content\/uploads\/2024\/04\/wav-team-Harms-Wulf.png 900w\" sizes=\"auto, (max-width: 130px) 100vw, 130px\" \/><strong>Harms Wulf<\/strong> kennt Berlin bereits aus den Zeiten der Teilung. Seitdem hat er die Stadt- und Naturr\u00e4ume Berlins und seiner Umgebung beruflich und privat erkundet.<\/p>\n\n\t\t<\/div>\n\t<\/div>\n\n\t<div class=\"wpb_text_column wpb_content_element\" >\n\t\t<div class=\"wpb_wrapper\">\n\t\t\t<p><img loading=\"lazy\" decoding=\"async\" class=\"wp-image-16123 alignleft\" src=\"https:\/\/wearevillage.org\/wp-content\/uploads\/2024\/08\/wav-team-Thomas-Fischer-270x300.png\" alt=\"\" width=\"130\" height=\"145\" srcset=\"https:\/\/wearevillage.org\/wp-content\/uploads\/2024\/08\/wav-team-Thomas-Fischer-270x300.png 270w, https:\/\/wearevillage.org\/wp-content\/uploads\/2024\/08\/wav-team-Thomas-Fischer-135x150.png 135w, https:\/\/wearevillage.org\/wp-content\/uploads\/2024\/08\/wav-team-Thomas-Fischer-768x853.png 768w, https:\/\/wearevillage.org\/wp-content\/uploads\/2024\/08\/wav-team-Thomas-Fischer-624x693.png 624w, https:\/\/wearevillage.org\/wp-content\/uploads\/2024\/08\/wav-team-Thomas-Fischer-390x433.png 390w, https:\/\/wearevillage.org\/wp-content\/uploads\/2024\/08\/wav-team-Thomas-Fischer-600x667.png 600w, https:\/\/wearevillage.org\/wp-content\/uploads\/2024\/08\/wav-team-Thomas-Fischer.png 900w\" sizes=\"auto, (max-width: 130px) 100vw, 130px\" \/> F\u00fcr <strong>Thomas Fischer<\/strong> ist Bewegung im Freien und besonders in der Natur wichtig, um sich mit sich selbst und der Welt um ihn herum zu verbinden. Er unterst\u00fctzt daher die Village Outdoor Angebote und bringt seine zwanzigj\u00e4hrige Erfahrung aus der Erkundung von Berlin und Brandenburg ein.<br \/>\nMit seinem Hintergrund in den Gesundheitswissenschaften ist er besonders an der Verbindung von Geist, K\u00f6rper und sozialen Verbindungen interessiert. Er ist davon \u00fcberzeugt, dass Bewegung, Neugier und kontinuierliche Entwicklung zentral f\u00fcr die menschliche Reise durchs Leben sind.<\/p>\n\n\t\t<\/div>\n\t<\/div>\n<div class=\"vc_separator wpb_content_element vc_separator_align_center vc_sep_width_100 vc_sep_pos_align_center vc_separator_no_text vc_sep_color_grey wpb_content_element  wpb_content_element\" ><span class=\"vc_sep_holder vc_sep_holder_l\"><span class=\"vc_sep_line\"><\/span><\/span><span class=\"vc_sep_holder vc_sep_holder_r\"><span class=\"vc_sep_line\"><\/span><\/span>\n<\/div><\/div><\/div><\/div><\/div><div class=\"vc_row wpb_row vc_row-fluid\"><div class=\"wpb_column vc_column_container vc_col-sm-12\"><div class=\"vc_column-inner\"><div class=\"wpb_wrapper\">\n\t<div class=\"wpb_text_column wpb_content_element\" >\n\t\t<div class=\"wpb_wrapper\">\n\t\t\t<p><u><strong>Hinweise<\/strong><\/u><\/p>\n<p><strong>Treffpunkt:<\/strong> 11 Uhr, S-Bahnhof Hegerm\u00fchle (S5), Bahnsteig<\/p>\n<p><strong>Streckenl\u00e4nge:<\/strong> ca. 13 km (ca. 5 Std.)<\/p>\n<p><strong>R\u00fcckweg:<\/strong> S-Bahnhof Hegerm\u00fchle (S5)<\/p>\n<p><strong>Sprache:<\/strong> Je nach Bed\u00fcrfnissen der Gruppe werden wir Deutsch und\/oder Englisch sprechen.<\/p>\n<p><strong>Kosten:<\/strong> Die Teilnahme ist kostenlos.<\/p>\n<p><em>** Diese Veranstaltung ist Teil unseres Programms \u2018<strong><a href=\"https:\/\/wearevillage.org\/village-quartiere\/addressing-queer-lonliness\" target=\"_blank\" rel=\"noopener\">Gemeinsam statt einsam<\/a><\/strong>\u2018, unterst\u00fctzt von der <strong><a href=\"https:\/\/www.berlin.de\/sen\/lads\/en\/\" target=\"_blank\" rel=\"noopener\">LADS<\/a><\/strong>. <\/em><br \/>\n<em>Erfahre mehr \u00fcber das Programm <a href=\"https:\/\/wearevillage.org\/village-quartiere\/addressing-queer-lonliness\" target=\"_blank\" rel=\"noopener\">hier<\/a>.<\/em><\/p>\n\n\t\t<\/div>\n\t<\/div>\n<\/div><\/div><\/div><\/div>\n<\/div>","protected":false},"excerpt":{"rendered":"<h5>Sonntags (einmal im Monat)<br \/>\n11:00 \u2013 15:00<br \/>\nKostenlos mit Anmeldung<br \/>\nStart: 11 Uhr, S-Bahnhof Hegerm\u00fchle (S5), Bahnsteig<br \/>\nR\u00fcckfahrt: S-Bahnhof Hegerm\u00fchle (S5)<\/h5>\n<p><strong>| <span style=\"color: #ec6c23;\">LGBTQIA+\u00a0<\/span>|<\/strong><\/p>\n<p>Im Mai f\u00fchrt uns eine abwechslungsreiche Rundwanderung durch das wundersch\u00f6ne Landschaftsschutzgebiet Strausberger und Blumenthaler Wald- und Seengebiet. Der Weg verl\u00e4uft gr\u00f6\u00dftenteils entlang der Ufer von B\u00f6tzsee und F\u00e4ngersee und bietet immer wieder beeindruckende Ausblicke auf die Natur.<br \/>\nDie ca. 13 km (ca. 5 Std.)<\/p>\n","protected":false},"author":12,"featured_media":43118,"template":"","meta":{"pmpro_default_level":"","inline_featured_image":false},"product_brand":[],"product_cat":[77,791,769,79],"product_tag":[469],"class_list":{"0":"post-43115","1":"product","2":"type-product","3":"status-publish","4":"has-post-thumbnail","6":"product_cat-community-events","7":"product_cat-gemeinsam-statt-einsam","8":"product_cat-kostenloser-zugang","9":"product_cat-monatliche-events","10":"product_tag-lgbtqiaplus","11":"pmpro-has-access","13":"first","14":"instock","15":"sold-individually","16":"purchasable","17":"product-type-simple"},"wpml_current_locale":"de_DE","wpml_translations":{"en_US":{"locale":"en_US","id":43116,"slug":"outdoor-durch-wald-und-moor-um-boetz-und-faengersee-bei-strausberg","post_title":"Outdoor \u2013 Through Forest and Moorland around Lake B\u00f6tzsee and Lake F\u00e4ngersee near Strausberg","href":"https:\/\/wearevillage.org\/en\/shop\/village-outdoor\/w22-2026"}},"language":{"code":"de","locale":"","name":"","is_rtl":false},"_links":{"self":[{"href":"https:\/\/wearevillage.org\/wp-json\/wp\/v2\/product\/43115","targetHints":{"allow":["GET"]}}],"collection":[{"href":"https:\/\/wearevillage.org\/wp-json\/wp\/v2\/product"}],"about":[{"href":"https:\/\/wearevillage.org\/wp-json\/wp\/v2\/types\/product"}],"author":[{"embeddable":true,"href":"https:\/\/wearevillage.org\/wp-json\/wp\/v2\/users\/12"}],"wp:featuredmedia":[{"embeddable":true,"href":"https:\/\/wearevillage.org\/wp-json\/wp\/v2\/media\/43118"}],"wp:attachment":[{"href":"https:\/\/wearevillage.org\/wp-json\/wp\/v2\/media?parent=43115"}],"wp:term":[{"taxonomy":"product_brand","embeddable":true,"href":"https:\/\/wearevillage.org\/wp-json\/wp\/v2\/product_brand?post=43115"},{"taxonomy":"product_cat","embeddable":true,"href":"https:\/\/wearevillage.org\/wp-json\/wp\/v2\/product_cat?post=43115"},{"taxonomy":"product_tag","embeddable":true,"href":"https:\/\/wearevillage.org\/wp-json\/wp\/v2\/product_tag?post=43115"}],"curies":[{"name":"wp","href":"https:\/\/api.w.org\/{rel}","templated":true}]}}

Outdoor – Durch Wald und Moor um Bötz- und Fängersee bei Strausberg

<div class="wpb-content-wrapper"><div class="vc_row wpb_row vc_row-fluid"><div class="wpb_column vc_column_container vc_col-sm-12"><div class="vc_column-inner"><div class="wpb_wrapper"><h4 style="text-align: left" class="vc_custom_heading vc_do_custom_heading" >Village Outdoor – Durch Wald und Moor um Bötz- und Fängersee bei Strausberg</h4><h5 style="text-align: left" class="vc_custom_heading vc_do_custom_heading" >mit Harms Wulf und Thomas Fischer</h5>
	<div class="wpb_text_column wpb_content_element" >
		<div class="wpb_wrapper">
			<p>Im Mai führt uns eine abwechslungsreiche Rundwanderung durch das wunderschöne Landschaftsschutzgebiet Strausberger und Blumenthaler Wald- und Seengebiet. Der Weg verläuft größtenteils entlang der Ufer von Bötzsee und Fängersee und bietet immer wieder beeindruckende Ausblicke auf die Natur.<br />
Unterwegs begegnen wir alten, teils verfallenen Mühlen, die von vergangenen Zeiten erzählen. Immer wieder laden idyllische Badestellen zu einer Pause ein – und vielleicht ist es ja schon warm genug für ein erstes Bad im See.<br />
Da Einkehrmöglichkeiten unterwegs nicht garantiert sind, denkt bitte an ausreichend Proviant und etwas zu trinken – sicher ist sicher!</p>

		</div>
	</div>
<div class="vc_separator wpb_content_element vc_separator_align_center vc_sep_width_100 vc_sep_pos_align_center vc_separator_no_text vc_sep_color_grey wpb_content_element  wpb_content_element" ><span class="vc_sep_holder vc_sep_holder_l"><span class="vc_sep_line"></span></span><span class="vc_sep_holder vc_sep_holder_r"><span class="vc_sep_line"></span></span>
</div>
	<div class="wpb_text_column wpb_content_element" >
		<div class="wpb_wrapper">
			<p><strong>Was ist Village Outdoor?</strong><br />
Village Outdoor Events sind monatliche Treffen der we are village-Community und ihrer Freunde, um Outdoor-Aktivitäten in und um Berlin zu genießen. Zu den Aktivitäten gehören Waldwanderungen, Radtouren, Schwimmen in Seen, Sightseeing und Kajakfahren.<br />
Jeden Monat gibt es einen kostenlosen und unkomplizierten Spaziergang oder eine Wanderung in Bereichen Berlins oder in der Umgebung, die mit öffentlichen Verkehrsmitteln erreichbar sind.</p>

		</div>
	</div>
<div class="vc_separator wpb_content_element vc_separator_align_center vc_sep_width_100 vc_sep_pos_align_center vc_separator_no_text vc_sep_color_grey wpb_content_element  wpb_content_element" ><span class="vc_sep_holder vc_sep_holder_l"><span class="vc_sep_line"></span></span><span class="vc_sep_holder vc_sep_holder_r"><span class="vc_sep_line"></span></span>
</div>
	<div class="wpb_text_column wpb_content_element" >
		<div class="wpb_wrapper">
			<p><img loading="lazy" decoding="async" class="wp-image-13760 alignleft" src="https://wearevillage.org/wp-content/uploads/2024/04/wav-team-Harms-Wulf-270x300.png" alt="" width="130" height="145" srcset="https://wearevillage.org/wp-content/uploads/2024/04/wav-team-Harms-Wulf-270x300.png 270w, https://wearevillage.org/wp-content/uploads/2024/04/wav-team-Harms-Wulf-135x150.png 135w, https://wearevillage.org/wp-content/uploads/2024/04/wav-team-Harms-Wulf-768x853.png 768w, https://wearevillage.org/wp-content/uploads/2024/04/wav-team-Harms-Wulf-624x693.png 624w, https://wearevillage.org/wp-content/uploads/2024/04/wav-team-Harms-Wulf-390x433.png 390w, https://wearevillage.org/wp-content/uploads/2024/04/wav-team-Harms-Wulf-600x667.png 600w, https://wearevillage.org/wp-content/uploads/2024/04/wav-team-Harms-Wulf.png 900w" sizes="auto, (max-width: 130px) 100vw, 130px" /><strong>Harms Wulf</strong> kennt Berlin bereits aus den Zeiten der Teilung. Seitdem hat er die Stadt- und Naturräume Berlins und seiner Umgebung beruflich und privat erkundet.</p>

		</div>
	</div>

	<div class="wpb_text_column wpb_content_element" >
		<div class="wpb_wrapper">
			<p><img loading="lazy" decoding="async" class="wp-image-16123 alignleft" src="https://wearevillage.org/wp-content/uploads/2024/08/wav-team-Thomas-Fischer-270x300.png" alt="" width="130" height="145" srcset="https://wearevillage.org/wp-content/uploads/2024/08/wav-team-Thomas-Fischer-270x300.png 270w, https://wearevillage.org/wp-content/uploads/2024/08/wav-team-Thomas-Fischer-135x150.png 135w, https://wearevillage.org/wp-content/uploads/2024/08/wav-team-Thomas-Fischer-768x853.png 768w, https://wearevillage.org/wp-content/uploads/2024/08/wav-team-Thomas-Fischer-624x693.png 624w, https://wearevillage.org/wp-content/uploads/2024/08/wav-team-Thomas-Fischer-390x433.png 390w, https://wearevillage.org/wp-content/uploads/2024/08/wav-team-Thomas-Fischer-600x667.png 600w, https://wearevillage.org/wp-content/uploads/2024/08/wav-team-Thomas-Fischer.png 900w" sizes="auto, (max-width: 130px) 100vw, 130px" /> Für <strong>Thomas Fischer</strong> ist Bewegung im Freien und besonders in der Natur wichtig, um sich mit sich selbst und der Welt um ihn herum zu verbinden. Er unterstützt daher die Village Outdoor Angebote und bringt seine zwanzigjährige Erfahrung aus der Erkundung von Berlin und Brandenburg ein.<br />
Mit seinem Hintergrund in den Gesundheitswissenschaften ist er besonders an der Verbindung von Geist, Körper und sozialen Verbindungen interessiert. Er ist davon überzeugt, dass Bewegung, Neugier und kontinuierliche Entwicklung zentral für die menschliche Reise durchs Leben sind.</p>

		</div>
	</div>
<div class="vc_separator wpb_content_element vc_separator_align_center vc_sep_width_100 vc_sep_pos_align_center vc_separator_no_text vc_sep_color_grey wpb_content_element  wpb_content_element" ><span class="vc_sep_holder vc_sep_holder_l"><span class="vc_sep_line"></span></span><span class="vc_sep_holder vc_sep_holder_r"><span class="vc_sep_line"></span></span>
</div></div></div></div></div><div class="vc_row wpb_row vc_row-fluid"><div class="wpb_column vc_column_container vc_col-sm-12"><div class="vc_column-inner"><div class="wpb_wrapper">
	<div class="wpb_text_column wpb_content_element" >
		<div class="wpb_wrapper">
			<p><u><strong>Hinweise</strong></u></p>
<p><strong>Treffpunkt:</strong> 11 Uhr, S-Bahnhof Hegermühle (S5), Bahnsteig</p>
<p><strong>Streckenlänge:</strong> ca. 13 km (ca. 5 Std.)</p>
<p><strong>Rückweg:</strong> S-Bahnhof Hegermühle (S5)</p>
<p><strong>Sprache:</strong> Je nach Bedürfnissen der Gruppe werden wir Deutsch und/oder Englisch sprechen.</p>
<p><strong>Kosten:</strong> Die Teilnahme ist kostenlos.</p>
<p><em>** Diese Veranstaltung ist Teil unseres Programms ‘<strong><a href="https://wearevillage.org/village-quartiere/addressing-queer-lonliness" target="_blank" rel="noopener">Gemeinsam statt einsam</a></strong>‘, unterstützt von der <strong><a href="https://www.berlin.de/sen/lads/en/" target="_blank" rel="noopener">LADS</a></strong>. </em><br />
<em>Erfahre mehr über das Programm <a href="https://wearevillage.org/village-quartiere/addressing-queer-lonliness" target="_blank" rel="noopener">hier</a>.</em></p>

		</div>
	</div>
</div></div></div></div>
</div>

<h5>Sonntags (einmal im Monat)<br />
11:00 – 15:00<br />
Kostenlos mit Anmeldung<br />
Start: 11 Uhr, S-Bahnhof Hegermühle (S5), Bahnsteig<br />
Rückfahrt: S-Bahnhof Hegermühle (S5)</h5>
<p><strong>| <span style="color: #ec6c23;">LGBTQIA+ </span>|</strong></p>
<p>Im Mai führt uns eine abwechslungsreiche Rundwanderung durch das wunderschöne Landschaftsschutzgebiet Strausberger und Blumenthaler Wald- und Seengebiet. Der Weg verläuft größtenteils entlang der Ufer von Bötzsee und Fängersee und bietet immer wieder beeindruckende Ausblicke auf die Natur.<br />
Die ca. 13 km (ca. 5 Std.)</p>

Outdoor – Through Forest and Moorland around Lake Bötzsee and Lake Fängersee near Strausberg
