{"id":43618,"date":"2026-04-28T15:13:19","date_gmt":"2026-04-28T13:13:19","guid":{"rendered":"https:\/\/wearevillage.org\/?post_type=product&#038;p=43618"},"modified":"2026-04-29T17:38:48","modified_gmt":"2026-04-29T15:38:48","slug":"queere-einsamkeit-queere-gemeinschaft","status":"publish","type":"product","link":"https:\/\/wearevillage.org\/shop\/building-bridges-of-belonging\/w19-2029\/","title":{"rendered":"Queere Einsamkeit. Queere Gemeinschaft"},"content":{"rendered":"<div class=\"wpb-content-wrapper\"><div class=\"vc_row wpb_row vc_row-fluid\"><div class=\"wpb_column vc_column_container vc_col-sm-12\"><div class=\"vc_column-inner\"><div class=\"wpb_wrapper\"><h4 style=\"text-align: left\" class=\"vc_custom_heading vc_do_custom_heading\" >Lesung & Gespr\u00e4ch: \u201eQueere Einsamkeit. Queere Gemeinschaft\u201c <\/h4><h5 style=\"text-align: left\" class=\"vc_custom_heading vc_do_custom_heading\" >mit dem Autor Lennart Herberhold<\/h5>\n\t<div class=\"wpb_text_column wpb_content_element\" >\n\t\t<div class=\"wpb_wrapper\">\n\t\t\t<p>Einsamkeit ist ein pers\u00f6nliches Erlebnis, ein privater Schmerz. Gleichzeitig hat Einsamkeit Ursachen, die du nicht selbst in der Hand hast. Das Altern, das Sterben von Freund*innen, die Digitalisierung und der aktuelle Rechtsruck \u2013 das sind Gr\u00fcnde f\u00fcrs Alleinsein, die vor allem queere Menschen betreffen. Warum f\u00e4llt es uns so schwer, dar\u00fcber zu reden? Weil Einsamkeit ein Tabu ist. \u201eDu hast es nicht geschafft, einen Partner \/ gute Freund*innen \/ eine Community zu finden. Selbst schuld!\u201c, sagt die Stimme in unserem Kopf.<\/p>\n<p>In seinem Buch \u201eQueere Einsamkeit. Queere Gemeinschaft\u201c nimmt Lennart Herberhold dich mit auf eine Reise durch Deutschland. Und erz\u00e4hlt, dass Einsamkeit uns alle angeht. Und dass es Wege aus ihr heraus gibt \u2013 auch wenn sie oft nicht einfach sind.<\/p>\n\n\t\t<\/div>\n\t<\/div>\n<div class=\"vc_separator wpb_content_element vc_separator_align_center vc_sep_width_100 vc_sep_pos_align_center vc_separator_no_text vc_sep_color_grey wpb_content_element  wpb_content_element\" ><span class=\"vc_sep_holder vc_sep_holder_l\"><span class=\"vc_sep_line\"><\/span><\/span><span class=\"vc_sep_holder vc_sep_holder_r\"><span class=\"vc_sep_line\"><\/span><\/span>\n<\/div>\n\t<div class=\"wpb_text_column wpb_content_element\" >\n\t\t<div class=\"wpb_wrapper\">\n\t\t\t<p><strong><img loading=\"lazy\" decoding=\"async\" class=\"wp-image-43622 alignleft\" src=\"https:\/\/wearevillage.org\/wp-content\/uploads\/2026\/04\/Shooting-Lennart-Herberhold-Juni-2025-33-scaled-e1777382521404.jpg\" alt=\"\" width=\"150\" height=\"150\" srcset=\"https:\/\/wearevillage.org\/wp-content\/uploads\/2026\/04\/Shooting-Lennart-Herberhold-Juni-2025-33-scaled-e1777382521404.jpg 1707w, https:\/\/wearevillage.org\/wp-content\/uploads\/2026\/04\/Shooting-Lennart-Herberhold-Juni-2025-33-scaled-e1777382521404-300x300.jpg 300w, https:\/\/wearevillage.org\/wp-content\/uploads\/2026\/04\/Shooting-Lennart-Herberhold-Juni-2025-33-scaled-e1777382521404-1024x1024.jpg 1024w, https:\/\/wearevillage.org\/wp-content\/uploads\/2026\/04\/Shooting-Lennart-Herberhold-Juni-2025-33-scaled-e1777382521404-150x150.jpg 150w, https:\/\/wearevillage.org\/wp-content\/uploads\/2026\/04\/Shooting-Lennart-Herberhold-Juni-2025-33-scaled-e1777382521404-768x768.jpg 768w, https:\/\/wearevillage.org\/wp-content\/uploads\/2026\/04\/Shooting-Lennart-Herberhold-Juni-2025-33-scaled-e1777382521404-1536x1536.jpg 1536w, https:\/\/wearevillage.org\/wp-content\/uploads\/2026\/04\/Shooting-Lennart-Herberhold-Juni-2025-33-scaled-e1777382521404-624x624.jpg 624w, https:\/\/wearevillage.org\/wp-content\/uploads\/2026\/04\/Shooting-Lennart-Herberhold-Juni-2025-33-scaled-e1777382521404-390x390.jpg 390w, https:\/\/wearevillage.org\/wp-content\/uploads\/2026\/04\/Shooting-Lennart-Herberhold-Juni-2025-33-scaled-e1777382521404-600x600.jpg 600w, https:\/\/wearevillage.org\/wp-content\/uploads\/2026\/04\/Shooting-Lennart-Herberhold-Juni-2025-33-scaled-e1777382521404-100x100.jpg 100w\" sizes=\"auto, (max-width: 150px) 100vw, 150px\" \/><\/strong><strong>Lennart Herberhold<\/strong>, geboren 1975, aufgewachsen im Saarland, arbeitet f\u00fcr die Kultursendungen des NDR Fernsehens und macht h\u00e4ufig Beitr\u00e4ge zu queeren Themen, zum Beispiel die Doku <em>\u201eQueer und muslimisch\u201c<\/em>. In seinem ersten Buch <em>\u201eZusammen!\u201c<\/em> hat er sich mit Wohnprojekten besch\u00e4ftigt. <em>\u201eQueere Einsamkeit. Queere Gemeinschaft\u201c<\/em> ist gerade beim Quer Verlag Berlin erschienen.<\/p>\n\n\t\t<\/div>\n\t<\/div>\n<div class=\"vc_separator wpb_content_element vc_separator_align_center vc_sep_width_100 vc_sep_pos_align_center vc_separator_no_text vc_sep_color_grey wpb_content_element  wpb_content_element\" ><span class=\"vc_sep_holder vc_sep_holder_l\"><span class=\"vc_sep_line\"><\/span><\/span><span class=\"vc_sep_holder vc_sep_holder_r\"><span class=\"vc_sep_line\"><\/span><\/span>\n<\/div>\n\t<div class=\"wpb_text_column wpb_content_element\" >\n\t\t<div class=\"wpb_wrapper\">\n\t\t\t<p><strong>gemeinsam statt einsam: jede*r f\u00fchlt sich manchmal einsam<\/strong><br \/>\nAls Menschen haben wir eine nat\u00fcrliche Sehnsucht nach sozialer Verbindung und Unterst\u00fctzung durch andere.\u00a0Queere Menschen haben aufgrund individueller und struktureller Formen der\u00a0Diskriminierung\u00a0ein noch h\u00f6heres Risiko, unter chronischer\u00a0Einsamkeit\u00a0zu leiden.<br \/>\nIn Zusammenarbeit mit der <strong>Landesstelle f\u00fcr Gleichbehandlung<\/strong> \u2013 gegen Diskriminierung hat sich <strong>we are village | queer matters<\/strong>\u00a0zum Ziel gesetzt, das Thema Einsamkeit in der queeren Community anzugehen.<br \/>\n<img loading=\"lazy\" decoding=\"async\" class=\"wp-image-7522 alignleft\" src=\"https:\/\/wearevillage.org\/wp-content\/uploads\/2023\/06\/image001.jpg\" alt=\"\" width=\"218\" height=\"37\" srcset=\"https:\/\/wearevillage.org\/wp-content\/uploads\/2023\/06\/image001.jpg 242w, https:\/\/wearevillage.org\/wp-content\/uploads\/2023\/06\/image001-150x25.jpg 150w\" sizes=\"auto, (max-width: 218px) 100vw, 218px\" \/>Wir haben auch einen <a href=\"https:\/\/forms.gle\/BZkLsma3sRX2vdRb8\" target=\"_blank\" rel=\"noopener\"><strong>Fragebogen<\/strong><\/a> erstellt, um mehr \u00fcber Ihre Erfahrungen mit Einsamkeit zu erfahren. Mit eurer Hilfe k\u00f6nnen wir ein besseres Programm erstellen, das euren Bed\u00fcrfnissen entspricht und mit dem wir mehr Zugeh\u00f6rigkeit schaffen k\u00f6nnen!<\/p>\n\n\t\t<\/div>\n\t<\/div>\n<div class=\"vc_separator wpb_content_element vc_separator_align_center vc_sep_width_100 vc_sep_pos_align_center vc_separator_no_text vc_sep_color_grey wpb_content_element  wpb_content_element\" ><span class=\"vc_sep_holder vc_sep_holder_l\"><span class=\"vc_sep_line\"><\/span><\/span><span class=\"vc_sep_holder vc_sep_holder_r\"><span class=\"vc_sep_line\"><\/span><\/span>\n<\/div>\n\t<div class=\"wpb_text_column wpb_content_element\" >\n\t\t<div class=\"wpb_wrapper\">\n\t\t\t<p><span style=\"text-decoration: underline;\"><strong>Hinweise<\/strong><\/span><br \/>\n<strong>Anmeldung<\/strong>: Eine verbindliche Anmeldung ist erforderlich.<br \/>\n<strong>Sprache<\/strong>: Wir werden auf Englisch und\/oder Deutsch sprechen, je nach den Bed\u00fcrfnissen der Teilnehmer.<br \/>\n<strong>Kosten<\/strong>: Die Teilnahme ist kostenlos.<\/p>\n<p><em>** Diese Veranstaltung ist Teil unseres Programms \u201a<strong><a href=\"https:\/\/wearevillage.org\/village-quartiere\/addressing-queer-lonliness\" target=\"_blank\" rel=\"noopener\">Gemeinsam statt einsam<\/a><\/strong>\u201a, unterst\u00fctzt von der <strong><a href=\"https:\/\/www.berlin.de\/sen\/lads\/\" target=\"_blank\" rel=\"noopener\">LADS<\/a><\/strong>. <\/em><br \/>\n<em>Erfahre mehr \u00fcber das Programm <a href=\"https:\/\/wearevillage.org\/village-quartiere\/addressing-queer-lonliness\" target=\"_blank\" rel=\"noopener\">hier<\/a>.<\/em><\/p>\n\n\t\t<\/div>\n\t<\/div>\n<\/div><\/div><\/div><\/div>\n<\/div>","protected":false},"excerpt":{"rendered":"<h5>Freitag<br \/>\n18:00-20:00<\/h5>\n<p>Kostenfreier Workshop<br \/>\nAnmeldung erforderlich<\/p>\n<p><strong style=\"font-size: 16px;\">| <span style=\"color: #ec6c23;\">LGBTQIA+<\/span>|<\/strong><\/p>\n<p>In seinem Buch \u201eQueere Einsamkeit. Queere Gemeinschaft\u201c nimmt Lennart Herberhold dich mit auf eine Reise durch Deutschland. Und erz\u00e4hlt, dass Einsamkeit uns alle angeht. Und dass es Wege aus ihr heraus gibt \u2013 auch wenn sie oft nicht einfach sind.<\/p>\n","protected":false},"author":12,"featured_media":43681,"template":"","meta":{"pmpro_default_level":"","inline_featured_image":false},"product_brand":[],"product_cat":[791,76,769],"product_tag":[469],"class_list":{"0":"post-43618","1":"product","2":"type-product","3":"status-publish","4":"has-post-thumbnail","6":"product_cat-gemeinsam-statt-einsam","7":"product_cat-ausstellung","8":"product_cat-kostenloser-zugang","9":"product_tag-lgbtqiaplus","10":"pmpro-has-access","12":"first","13":"outofstock","14":"sold-individually","15":"purchasable","16":"product-type-simple"},"wpml_current_locale":"de_DE","wpml_translations":{"en_US":{"locale":"en_US","id":43619,"slug":"queere-einsamkeit-queere-gemeinschaft","post_title":"Queer Loneliness. Queer Community.","href":"https:\/\/wearevillage.org\/en\/shop\/building-bridges-of-belonging\/w19-2026"}},"language":{"code":"de","locale":"","name":"","is_rtl":false},"_links":{"self":[{"href":"https:\/\/wearevillage.org\/wp-json\/wp\/v2\/product\/43618","targetHints":{"allow":["GET"]}}],"collection":[{"href":"https:\/\/wearevillage.org\/wp-json\/wp\/v2\/product"}],"about":[{"href":"https:\/\/wearevillage.org\/wp-json\/wp\/v2\/types\/product"}],"author":[{"embeddable":true,"href":"https:\/\/wearevillage.org\/wp-json\/wp\/v2\/users\/12"}],"wp:featuredmedia":[{"embeddable":true,"href":"https:\/\/wearevillage.org\/wp-json\/wp\/v2\/media\/43681"}],"wp:attachment":[{"href":"https:\/\/wearevillage.org\/wp-json\/wp\/v2\/media?parent=43618"}],"wp:term":[{"taxonomy":"product_brand","embeddable":true,"href":"https:\/\/wearevillage.org\/wp-json\/wp\/v2\/product_brand?post=43618"},{"taxonomy":"product_cat","embeddable":true,"href":"https:\/\/wearevillage.org\/wp-json\/wp\/v2\/product_cat?post=43618"},{"taxonomy":"product_tag","embeddable":true,"href":"https:\/\/wearevillage.org\/wp-json\/wp\/v2\/product_tag?post=43618"}],"curies":[{"name":"wp","href":"https:\/\/api.w.org\/{rel}","templated":true}]}}

<div class="wpb-content-wrapper"><div class="vc_row wpb_row vc_row-fluid"><div class="wpb_column vc_column_container vc_col-sm-12"><div class="vc_column-inner"><div class="wpb_wrapper"><h4 style="text-align: left" class="vc_custom_heading vc_do_custom_heading" >Lesung & Gespräch: „Queere Einsamkeit. Queere Gemeinschaft“ </h4><h5 style="text-align: left" class="vc_custom_heading vc_do_custom_heading" >mit dem Autor Lennart Herberhold</h5>
	<div class="wpb_text_column wpb_content_element" >
		<div class="wpb_wrapper">
			<p>Einsamkeit ist ein persönliches Erlebnis, ein privater Schmerz. Gleichzeitig hat Einsamkeit Ursachen, die du nicht selbst in der Hand hast. Das Altern, das Sterben von Freund*innen, die Digitalisierung und der aktuelle Rechtsruck – das sind Gründe fürs Alleinsein, die vor allem queere Menschen betreffen. Warum fällt es uns so schwer, darüber zu reden? Weil Einsamkeit ein Tabu ist. „Du hast es nicht geschafft, einen Partner / gute Freund*innen / eine Community zu finden. Selbst schuld!“, sagt die Stimme in unserem Kopf.</p>
<p>In seinem Buch „Queere Einsamkeit. Queere Gemeinschaft“ nimmt Lennart Herberhold dich mit auf eine Reise durch Deutschland. Und erzählt, dass Einsamkeit uns alle angeht. Und dass es Wege aus ihr heraus gibt – auch wenn sie oft nicht einfach sind.</p>

		</div>
	</div>
<div class="vc_separator wpb_content_element vc_separator_align_center vc_sep_width_100 vc_sep_pos_align_center vc_separator_no_text vc_sep_color_grey wpb_content_element  wpb_content_element" ><span class="vc_sep_holder vc_sep_holder_l"><span class="vc_sep_line"></span></span><span class="vc_sep_holder vc_sep_holder_r"><span class="vc_sep_line"></span></span>
</div>
	<div class="wpb_text_column wpb_content_element" >
		<div class="wpb_wrapper">
			<p><strong><img loading="lazy" decoding="async" class="wp-image-43622 alignleft" src="https://wearevillage.org/wp-content/uploads/2026/04/Shooting-Lennart-Herberhold-Juni-2025-33-scaled-e1777382521404.jpg" alt="" width="150" height="150" srcset="https://wearevillage.org/wp-content/uploads/2026/04/Shooting-Lennart-Herberhold-Juni-2025-33-scaled-e1777382521404.jpg 1707w, https://wearevillage.org/wp-content/uploads/2026/04/Shooting-Lennart-Herberhold-Juni-2025-33-scaled-e1777382521404-300x300.jpg 300w, https://wearevillage.org/wp-content/uploads/2026/04/Shooting-Lennart-Herberhold-Juni-2025-33-scaled-e1777382521404-1024x1024.jpg 1024w, https://wearevillage.org/wp-content/uploads/2026/04/Shooting-Lennart-Herberhold-Juni-2025-33-scaled-e1777382521404-150x150.jpg 150w, https://wearevillage.org/wp-content/uploads/2026/04/Shooting-Lennart-Herberhold-Juni-2025-33-scaled-e1777382521404-768x768.jpg 768w, https://wearevillage.org/wp-content/uploads/2026/04/Shooting-Lennart-Herberhold-Juni-2025-33-scaled-e1777382521404-1536x1536.jpg 1536w, https://wearevillage.org/wp-content/uploads/2026/04/Shooting-Lennart-Herberhold-Juni-2025-33-scaled-e1777382521404-624x624.jpg 624w, https://wearevillage.org/wp-content/uploads/2026/04/Shooting-Lennart-Herberhold-Juni-2025-33-scaled-e1777382521404-390x390.jpg 390w, https://wearevillage.org/wp-content/uploads/2026/04/Shooting-Lennart-Herberhold-Juni-2025-33-scaled-e1777382521404-600x600.jpg 600w, https://wearevillage.org/wp-content/uploads/2026/04/Shooting-Lennart-Herberhold-Juni-2025-33-scaled-e1777382521404-100x100.jpg 100w" sizes="auto, (max-width: 150px) 100vw, 150px" /></strong><strong>Lennart Herberhold</strong>, geboren 1975, aufgewachsen im Saarland, arbeitet für die Kultursendungen des NDR Fernsehens und macht häufig Beiträge zu queeren Themen, zum Beispiel die Doku <em>„Queer und muslimisch“</em>. In seinem ersten Buch <em>„Zusammen!“</em> hat er sich mit Wohnprojekten beschäftigt. <em>„Queere Einsamkeit. Queere Gemeinschaft“</em> ist gerade beim Quer Verlag Berlin erschienen.</p>

		</div>
	</div>
<div class="vc_separator wpb_content_element vc_separator_align_center vc_sep_width_100 vc_sep_pos_align_center vc_separator_no_text vc_sep_color_grey wpb_content_element  wpb_content_element" ><span class="vc_sep_holder vc_sep_holder_l"><span class="vc_sep_line"></span></span><span class="vc_sep_holder vc_sep_holder_r"><span class="vc_sep_line"></span></span>
</div>
	<div class="wpb_text_column wpb_content_element" >
		<div class="wpb_wrapper">
			<p><strong>gemeinsam statt einsam: jede*r fühlt sich manchmal einsam</strong><br />
Als Menschen haben wir eine natürliche Sehnsucht nach sozialer Verbindung und Unterstützung durch andere. Queere Menschen haben aufgrund individueller und struktureller Formen der Diskriminierung ein noch höheres Risiko, unter chronischer Einsamkeit zu leiden.<br />
In Zusammenarbeit mit der <strong>Landesstelle für Gleichbehandlung</strong> – gegen Diskriminierung hat sich <strong>we are village | queer matters</strong> zum Ziel gesetzt, das Thema Einsamkeit in der queeren Community anzugehen.<br />
<img loading="lazy" decoding="async" class="wp-image-7522 alignleft" src="https://wearevillage.org/wp-content/uploads/2023/06/image001.jpg" alt="" width="218" height="37" srcset="https://wearevillage.org/wp-content/uploads/2023/06/image001.jpg 242w, https://wearevillage.org/wp-content/uploads/2023/06/image001-150x25.jpg 150w" sizes="auto, (max-width: 218px) 100vw, 218px" />Wir haben auch einen <a href="https://forms.gle/BZkLsma3sRX2vdRb8" target="_blank" rel="noopener"><strong>Fragebogen</strong></a> erstellt, um mehr über Ihre Erfahrungen mit Einsamkeit zu erfahren. Mit eurer Hilfe können wir ein besseres Programm erstellen, das euren Bedürfnissen entspricht und mit dem wir mehr Zugehörigkeit schaffen können!</p>

		</div>
	</div>
<div class="vc_separator wpb_content_element vc_separator_align_center vc_sep_width_100 vc_sep_pos_align_center vc_separator_no_text vc_sep_color_grey wpb_content_element  wpb_content_element" ><span class="vc_sep_holder vc_sep_holder_l"><span class="vc_sep_line"></span></span><span class="vc_sep_holder vc_sep_holder_r"><span class="vc_sep_line"></span></span>
</div>
	<div class="wpb_text_column wpb_content_element" >
		<div class="wpb_wrapper">
			<p><span style="text-decoration: underline;"><strong>Hinweise</strong></span><br />
<strong>Anmeldung</strong>: Eine verbindliche Anmeldung ist erforderlich.<br />
<strong>Sprache</strong>: Wir werden auf Englisch und/oder Deutsch sprechen, je nach den Bedürfnissen der Teilnehmer.<br />
<strong>Kosten</strong>: Die Teilnahme ist kostenlos.</p>
<p><em>** Diese Veranstaltung ist Teil unseres Programms ‚<strong><a href="https://wearevillage.org/village-quartiere/addressing-queer-lonliness" target="_blank" rel="noopener">Gemeinsam statt einsam</a></strong>‚, unterstützt von der <strong><a href="https://www.berlin.de/sen/lads/" target="_blank" rel="noopener">LADS</a></strong>. </em><br />
<em>Erfahre mehr über das Programm <a href="https://wearevillage.org/village-quartiere/addressing-queer-lonliness" target="_blank" rel="noopener">hier</a>.</em></p>

		</div>
	</div>
</div></div></div></div>
</div>

<h5>Freitag<br />
18:00-20:00</h5>
<p>Kostenfreier Workshop<br />
Anmeldung erforderlich</p>
<p><strong style="font-size: 16px;">| <span style="color: #ec6c23;">LGBTQIA+</span>|</strong></p>
<p>In seinem Buch „Queere Einsamkeit. Queere Gemeinschaft“ nimmt Lennart Herberhold dich mit auf eine Reise durch Deutschland. Und erzählt, dass Einsamkeit uns alle angeht. Und dass es Wege aus ihr heraus gibt – auch wenn sie oft nicht einfach sind.</p>
